Last updated on 2023-12-09 04:50:45 CET.
Flavor | Version | Tinstall | Tcheck | Ttotal | Status | Flags |
---|---|---|---|---|---|---|
r-devel-linux-x86_64-debian-clang | 0.2.0 | 1.79 | 27.42 | 29.21 | NOTE | |
r-devel-linux-x86_64-debian-gcc | 0.2.0 | 2.08 | 21.36 | 23.44 | NOTE | |
r-devel-linux-x86_64-fedora-clang | 0.2.0 | 39.36 | NOTE | |||
r-devel-linux-x86_64-fedora-gcc | 0.2.0 | 35.37 | NOTE | |||
r-devel-windows-x86_64 | 0.2.0 | 5.00 | 59.00 | 64.00 | NOTE | |
r-patched-linux-x86_64 | 0.2.0 | 3.05 | 26.84 | 29.89 | NOTE | |
r-release-linux-x86_64 | 0.2.0 | 2.58 | 26.23 | 28.81 | NOTE | |
r-release-macos-arm64 | 0.2.0 | 22.00 | NOTE | |||
r-release-macos-x86_64 | 0.2.0 | 24.00 | NOTE | |||
r-release-windows-x86_64 | 0.2.0 | 6.00 | 67.00 | 73.00 | NOTE | |
r-oldrel-macos-arm64 | 0.2.0 | 22.00 | NOTE | |||
r-oldrel-macos-x86_64 | 0.2.0 | 26.00 | NOTE | |||
r-oldrel-windows-x86_64 | 0.2.0 | 6.00 | 69.00 | 75.00 | NOTE |
Version: 0.2.0
Check: LazyData
Result: NOTE
'LazyData' is specified without a 'data' directory
Flavors: r-devel-linux-x86_64-debian-clang, r-devel-linux-x86_64-debian-gcc, r-devel-linux-x86_64-fedora-clang, r-devel-linux-x86_64-fedora-gcc, r-devel-windows-x86_64, r-patched-linux-x86_64, r-release-linux-x86_64, r-release-macos-arm64, r-release-macos-x86_64, r-release-windows-x86_64, r-oldrel-macos-arm64, r-oldrel-macos-x86_64, r-oldrel-windows-x86_64