CRAN Package Check Results for Package aws.alexa

Last updated on 2024-02-27 04:50:31 CET.

Flavor Version Tinstall Tcheck Ttotal Status Flags
r-devel-linux-x86_64-debian-clang 0.1.8 4.95 48.13 53.08 NOTE
r-devel-linux-x86_64-debian-gcc 0.1.8 3.90 36.68 40.58 NOTE
r-devel-linux-x86_64-fedora-clang 0.1.8 65.23 NOTE
r-devel-linux-x86_64-fedora-gcc 0.1.8 75.03 NOTE
r-devel-windows-x86_64 0.1.8 8.00 75.00 83.00 NOTE
r-patched-linux-x86_64 0.1.8 4.19 46.25 50.44 NOTE
r-release-linux-x86_64 0.1.8 5.35 45.52 50.87 NOTE
r-release-macos-arm64 0.1.8 30.00 NOTE
r-release-macos-x86_64 0.1.8 48.00 NOTE
r-release-windows-x86_64 0.1.8 10.00 82.00 92.00 NOTE
r-oldrel-macos-arm64 0.1.8 27.00 NOTE
r-oldrel-windows-x86_64 0.1.8 10.00 83.00 93.00 NOTE

Check Details

Version: 0.1.8
Check: LazyData
Result: NOTE 'LazyData' is specified without a 'data' directory Flavors: r-devel-linux-x86_64-debian-clang, r-devel-linux-x86_64-debian-gcc, r-devel-linux-x86_64-fedora-clang, r-devel-linux-x86_64-fedora-gcc, r-devel-windows-x86_64, r-patched-linux-x86_64, r-release-linux-x86_64, r-release-macos-arm64, r-release-macos-x86_64, r-release-windows-x86_64, r-oldrel-macos-arm64, r-oldrel-windows-x86_64