CRAN Package Check Results for Package available

Last updated on 2024-06-14 05:58:15 CEST.

Flavor Version Tinstall Tcheck Ttotal Status Flags
r-devel-linux-x86_64-debian-clang 1.1.0 2.86 47.65 50.51 OK
r-devel-linux-x86_64-debian-gcc 1.1.0 0.36 1.72 2.08 ERROR
r-devel-linux-x86_64-fedora-clang 1.1.0 66.42 OK
r-devel-linux-x86_64-fedora-gcc 1.1.0 61.27 OK
r-devel-windows-x86_64 1.1.0 7.00 57.00 64.00 OK
r-patched-linux-x86_64 1.1.0 4.36 44.92 49.28 OK
r-release-linux-x86_64 1.1.0 3.38 45.37 48.75 OK
r-release-macos-arm64 1.1.0 29.00 OK
r-release-macos-x86_64 1.1.0 42.00 OK
r-release-windows-x86_64 1.1.0 5.00 58.00 63.00 OK
r-oldrel-macos-arm64 1.1.0 33.00 OK
r-oldrel-macos-x86_64 1.1.0 42.00 OK
r-oldrel-windows-x86_64 1.1.0 6.00 61.00 67.00 OK

Check Details

Version: 1.1.0
Check: package dependencies
Result: ERROR Packages required but not available: 'tidytext', 'tibble' Packages suggested but not available for checking: 'usethis', 'testthat' See section ‘The DESCRIPTION file’ in the ‘Writing R Extensions’ manual. Flavor: r-devel-linux-x86_64-debian-gcc