Last updated on 2023-12-07 04:56:16 CET.
Flavor | Version | Tinstall | Tcheck | Ttotal | Status | Flags |
---|---|---|---|---|---|---|
r-devel-linux-x86_64-debian-clang | 1.4.1 | 34.15 | 63.90 | 98.05 | WARN | |
r-devel-linux-x86_64-debian-gcc | 1.4.1 | 22.49 | 49.19 | 71.68 | OK | |
r-devel-linux-x86_64-fedora-clang | 1.4.1 | 130.42 | WARN | |||
r-devel-linux-x86_64-fedora-gcc | 1.4.1 | 138.83 | OK | |||
r-devel-windows-x86_64 | 1.4.1 | 29.00 | 92.00 | 121.00 | OK | |
r-patched-linux-x86_64 | 1.4.1 | 25.83 | 60.28 | 86.11 | OK | |
r-release-linux-x86_64 | 1.4.1 | 19.82 | 61.80 | 81.62 | OK | |
r-release-macos-arm64 | 1.4.1 | 47.00 | OK | |||
r-release-macos-x86_64 | 1.4.1 | 75.00 | OK | |||
r-release-windows-x86_64 | 1.4.1 | 36.00 | 111.00 | 147.00 | OK | |
r-oldrel-macos-arm64 | 1.4.1 | 33.00 | OK | |||
r-oldrel-macos-x86_64 | 1.4.1 | 53.00 | OK | |||
r-oldrel-windows-x86_64 | 1.4.1 | 34.00 | 113.00 | 147.00 | OK |
Version: 1.4.1
Check: whether package can be installed
Result: WARN
Found the following significant warnings:
RcppExports.cpp:232:18: warning: format string is not a string literal (potentially insecure) [-Wformat-security]
RcppExports.cpp:266:18: warning: format string is not a string literal (potentially insecure) [-Wformat-security]
RcppExports.cpp:300:18: warning: format string is not a string literal (potentially insecure) [-Wformat-security]
RcppExports.cpp:334:18: warning: format string is not a string literal (potentially insecure) [-Wformat-security]
See ‘/home/hornik/tmp/R.check/r-devel-clang/Work/PKGS/autothresholdr.Rcheck/00install.out’ for details.
* used C++ compiler: ‘Debian clang version 17.0.5 (1)’
Flavor: r-devel-linux-x86_64-debian-clang
Version: 1.4.1
Check: whether package can be installed
Result: WARN
Found the following significant warnings:
RcppExports.cpp:232:18: warning: format string is not a string literal (potentially insecure) [-Wformat-security]
RcppExports.cpp:266:18: warning: format string is not a string literal (potentially insecure) [-Wformat-security]
RcppExports.cpp:300:18: warning: format string is not a string literal (potentially insecure) [-Wformat-security]
RcppExports.cpp:334:18: warning: format string is not a string literal (potentially insecure) [-Wformat-security]
See ‘/data/gannet/ripley/R/packages/tests-clang/autothresholdr.Rcheck/00install.out’ for details.
* used C++ compiler: ‘clang version 17.0.5’
Flavor: r-devel-linux-x86_64-fedora-clang