Last updated on 2023-12-03 04:56:00 CET.
Flavor | Version | Tinstall | Tcheck | Ttotal | Status | Flags |
---|---|---|---|---|---|---|
r-devel-linux-x86_64-debian-clang | 0.9.11 | 4.00 | 91.22 | 95.22 | NOTE | |
r-devel-linux-x86_64-debian-gcc | 0.9.11 | 3.06 | 68.04 | 71.10 | NOTE | |
r-devel-linux-x86_64-fedora-clang | 0.9.11 | 120.32 | NOTE | |||
r-devel-linux-x86_64-fedora-gcc | 0.9.11 | 120.60 | NOTE | |||
r-devel-windows-x86_64 | 0.9.11 | 5.00 | 87.00 | 92.00 | NOTE | |
r-patched-linux-x86_64 | 0.9.11 | 3.96 | 89.16 | 93.12 | NOTE | |
r-release-linux-x86_64 | 0.9.11 | 2.72 | 89.19 | 91.91 | NOTE | |
r-release-macos-arm64 | 0.9.11 | 38.00 | NOTE | |||
r-release-macos-x86_64 | 0.9.11 | 63.00 | NOTE | |||
r-release-windows-x86_64 | 0.9.11 | 7.00 | 102.00 | 109.00 | NOTE | |
r-oldrel-macos-arm64 | 0.9.11 | 34.00 | NOTE | |||
r-oldrel-macos-x86_64 | 0.9.11 | 55.00 | NOTE | |||
r-oldrel-windows-x86_64 | 0.9.11 | 6.00 | 106.00 | 112.00 | NOTE |
Version: 0.9.11
Check: LazyData
Result: NOTE
'LazyData' is specified without a 'data' directory
Flavors: r-devel-linux-x86_64-debian-clang, r-devel-linux-x86_64-debian-gcc, r-devel-linux-x86_64-fedora-clang, r-devel-linux-x86_64-fedora-gcc, r-devel-windows-x86_64, r-patched-linux-x86_64, r-release-linux-x86_64, r-release-macos-arm64, r-release-macos-x86_64, r-release-windows-x86_64, r-oldrel-macos-arm64, r-oldrel-macos-x86_64, r-oldrel-windows-x86_64
Version: 0.9.11
Check: dependencies in R code
Result: NOTE
Namespaces in Imports field not imported from:
‘plotly’ ‘shinycssloaders’
All declared Imports should be used.
Flavors: r-devel-linux-x86_64-fedora-clang, r-devel-linux-x86_64-fedora-gcc, r-oldrel-macos-arm64, r-oldrel-macos-x86_64