Last updated on 2023-12-04 05:08:58 CET.
Flavor | Version | Tinstall | Tcheck | Ttotal | Status | Flags |
---|---|---|---|---|---|---|
r-devel-linux-x86_64-debian-clang | 0.9.1 | 57.34 | 504.03 | 561.37 | OK | |
r-devel-linux-x86_64-debian-gcc | 0.9.1 | 46.21 | 374.18 | 420.39 | OK | |
r-devel-linux-x86_64-fedora-clang | 0.9.1 | 724.47 | OK | |||
r-devel-linux-x86_64-fedora-gcc | 0.9.1 | 704.86 | OK | |||
r-devel-windows-x86_64 | 0.9.1 | 60.00 | 356.00 | 416.00 | OK | |
r-patched-linux-x86_64 | 0.9.1 | 52.84 | 491.39 | 544.23 | OK | |
r-release-linux-x86_64 | 0.9.1 | 54.65 | 490.35 | 545.00 | OK | |
r-release-macos-arm64 | 0.9.1 | 17.00 | ERROR | |||
r-release-macos-x86_64 | 0.9.1 | 10.00 | ERROR | |||
r-release-windows-x86_64 | 0.9.1 | 79.00 | 458.00 | 537.00 | OK | |
r-oldrel-macos-arm64 | 0.9.1 | 174.00 | OK | |||
r-oldrel-macos-x86_64 | 0.9.1 | 269.00 | OK | |||
r-oldrel-windows-x86_64 | 0.9.1 | 71.00 | 420.00 | 491.00 | OK |
Version: 0.9.1
Check: package dependencies
Result: ERROR
Package required but not available: ‘GSVA’
See section ‘The DESCRIPTION file’ in the ‘Writing R Extensions’
manual.
Flavors: r-release-macos-arm64, r-release-macos-x86_64