CRAN Package Check Results for Package audrex

Last updated on 2023-12-04 05:08:58 CET.

Flavor Version Tinstall Tcheck Ttotal Status Flags
r-devel-linux-x86_64-debian-clang 2.0.1 21.50 156.33 177.83 OK
r-devel-linux-x86_64-debian-gcc 2.0.1 14.76 113.36 128.12 OK
r-devel-linux-x86_64-fedora-clang 2.0.1 227.72 NOTE
r-devel-linux-x86_64-fedora-gcc 2.0.1 206.31 NOTE
r-devel-windows-x86_64 2.0.1 17.00 114.00 131.00 OK
r-patched-linux-x86_64 2.0.1 15.02 147.52 162.54 OK
r-release-linux-x86_64 2.0.1 12.33 145.95 158.28 OK
r-release-macos-arm64 2.0.1 59.00 OK
r-release-macos-x86_64 2.0.1 95.00 OK
r-release-windows-x86_64 2.0.1 21.00 135.00 156.00 OK
r-oldrel-macos-arm64 2.0.1 58.00 NOTE
r-oldrel-macos-x86_64 2.0.1 101.00 NOTE
r-oldrel-windows-x86_64 2.0.1 23.00 145.00 168.00 OK

Check Details

Version: 2.0.1
Check: data for non-ASCII characters
Result: NOTE Note: found 1 marked UTF-8 string Flavors: r-devel-linux-x86_64-fedora-clang, r-devel-linux-x86_64-fedora-gcc, r-oldrel-macos-arm64, r-oldrel-macos-x86_64