CRAN Package Check Results for Package asymptor

Last updated on 2024-06-14 05:58:15 CEST.

Flavor Version Tinstall Tcheck Ttotal Status Flags
r-devel-linux-x86_64-debian-clang 1.1.0 2.28 30.12 32.40 OK
r-devel-linux-x86_64-debian-gcc 1.1.0 1.58 20.28 21.86 ERROR
r-devel-linux-x86_64-fedora-clang 1.1.0 43.41 OK
r-devel-linux-x86_64-fedora-gcc 1.1.0 52.71 OK
r-devel-windows-x86_64 1.1.0 2.00 44.00 46.00 OK
r-patched-linux-x86_64 1.1.0 1.54 29.49 31.03 OK
r-release-linux-x86_64 1.1.0 2.04 29.99 32.03 OK
r-release-macos-arm64 1.1.0 23.00 OK
r-release-macos-x86_64 1.1.0 33.00 OK
r-release-windows-x86_64 1.1.0 2.00 47.00 49.00 OK
r-oldrel-macos-arm64 1.1.0 24.00 OK
r-oldrel-macos-x86_64 1.1.0 34.00 OK
r-oldrel-windows-x86_64 1.1.0 5.00 46.00 51.00 OK

Check Details

Version: 1.1.0
Check: package dependencies
Result: NOTE Packages suggested but not available for checking: 'dplyr', 'ggplot2', 'testthat' Flavor: r-devel-linux-x86_64-debian-gcc

Version: 1.1.0
Check: tests
Result: ERROR Running ‘spelling.R’ [0s/1s] Running ‘testthat.R’ [0s/1s] Running the tests in ‘tests/testthat.R’ failed. Complete output: > library(testthat) Error in library(testthat) : there is no package called 'testthat' Execution halted Flavor: r-devel-linux-x86_64-debian-gcc

Version: 1.1.0
Check: re-building of vignette outputs
Result: ERROR Error(s) in re-building vignettes: ... --- re-building ‘example.Rmd’ using rmarkdown Loading required package: dplyr Warning in library(package, lib.loc = lib.loc, character.only = TRUE, logical.return = TRUE, : there is no package called 'dplyr' Quitting from lines 59-69 [example_fig] (example.Rmd) Error: processing vignette 'example.Rmd' failed with diagnostics: there is no package called 'ggplot2' --- failed re-building ‘example.Rmd’ SUMMARY: processing the following file failed: ‘example.Rmd’ Error: Vignette re-building failed. Execution halted Flavor: r-devel-linux-x86_64-debian-gcc