CRAN Package Check Results for Package asymmetry.measures

Last updated on 2024-03-04 04:51:23 CET.

Flavor Version Tinstall Tcheck Ttotal Status Flags
r-devel-linux-x86_64-debian-clang 0.2 4.27 40.12 44.39 NOTE
r-devel-linux-x86_64-debian-gcc 0.2 2.80 30.95 33.75 NOTE
r-devel-linux-x86_64-fedora-clang 0.2 56.25 NOTE
r-devel-linux-x86_64-fedora-gcc 0.2 54.44 NOTE
r-devel-windows-x86_64 0.2 5.00 56.00 61.00 NOTE
r-patched-linux-x86_64 0.2 5.32 40.91 46.23 OK
r-release-linux-x86_64 0.2 3.54 40.01 43.55 OK
r-release-macos-arm64 0.2 22.00 OK
r-release-macos-x86_64 0.2 29.00 OK
r-release-windows-x86_64 0.2 7.00 57.00 64.00 OK
r-oldrel-macos-arm64 0.2 23.00 OK
r-oldrel-windows-x86_64 0.2 6.00 65.00 71.00 OK

Check Details

Version: 0.2
Check: Rd files
Result: NOTE checkRd: (-1) d.sample.Rd:23: Lost braces in \itemize; meant \describe ? checkRd: (-1) d.sample.Rd:25: Lost braces in \itemize; meant \describe ? checkRd: (-1) d.sample.Rd:27: Lost braces in \itemize; meant \describe ? checkRd: (-1) d.sample.Rd:29: Lost braces in \itemize; meant \describe ? checkRd: (-1) d.sample.Rd:31-33: Lost braces in \itemize; meant \describe ? checkRd: (-1) d.sample.Rd:35: Lost braces in \itemize; meant \describe ? checkRd: (-1) d.sample.Rd:37-41: Lost braces in \itemize; meant \describe ? checkRd: (-1) d.sample.Rd:43: Lost braces in \itemize; meant \describe ? checkRd: (-1) d.sample.Rd:45-47: Lost braces in \itemize; meant \describe ? checkRd: (-1) d.sample.Rd:49-51: Lost braces in \itemize; meant \describe ? checkRd: (-1) p.sample.Rd:23-24: Lost braces in \itemize; meant \describe ? checkRd: (-1) p.sample.Rd:26-27: Lost braces in \itemize; meant \describe ? checkRd: (-1) p.sample.Rd:29: Lost braces in \itemize; meant \describe ? checkRd: (-1) p.sample.Rd:31-32: Lost braces in \itemize; meant \describe ? checkRd: (-1) p.sample.Rd:34-36: Lost braces in \itemize; meant \describe ? checkRd: (-1) p.sample.Rd:38-39: Lost braces in \itemize; meant \describe ? checkRd: (-1) p.sample.Rd:41-43: Lost braces in \itemize; meant \describe ? checkRd: (-1) p.sample.Rd:45-49: Lost braces in \itemize; meant \describe ? checkRd: (-1) p.sample.Rd:51-53: Lost braces in \itemize; meant \describe ? checkRd: (-1) p.sample.Rd:55-58: Lost braces in \itemize; meant \describe ? checkRd: (-1) pdfsq.Rd:23: Lost braces in \itemize; meant \describe ? checkRd: (-1) pdfsq.Rd:25: Lost braces in \itemize; meant \describe ? checkRd: (-1) pdfsq.Rd:27: Lost braces in \itemize; meant \describe ? checkRd: (-1) pdfsq.Rd:29: Lost braces in \itemize; meant \describe ? checkRd: (-1) pdfsq.Rd:31-33: Lost braces in \itemize; meant \describe ? checkRd: (-1) pdfsq.Rd:35: Lost braces in \itemize; meant \describe ? checkRd: (-1) pdfsq.Rd:37-41: Lost braces in \itemize; meant \describe ? checkRd: (-1) pdfsq.Rd:43: Lost braces in \itemize; meant \describe ? checkRd: (-1) pdfsq.Rd:45-47: Lost braces in \itemize; meant \describe ? checkRd: (-1) pdfsq.Rd:49-51: Lost braces in \itemize; meant \describe ? checkRd: (-1) pdfsqcdf.Rd:23: Lost braces in \itemize; meant \describe ? checkRd: (-1) pdfsqcdf.Rd:25: Lost braces in \itemize; meant \describe ? checkRd: (-1) pdfsqcdf.Rd:27: Lost braces in \itemize; meant \describe ? checkRd: (-1) pdfsqcdf.Rd:29: Lost braces in \itemize; meant \describe ? checkRd: (-1) pdfsqcdf.Rd:31-33: Lost braces in \itemize; meant \describe ? checkRd: (-1) pdfsqcdf.Rd:35: Lost braces in \itemize; meant \describe ? checkRd: (-1) pdfsqcdf.Rd:37-41: Lost braces in \itemize; meant \describe ? checkRd: (-1) pdfsqcdf.Rd:43: Lost braces in \itemize; meant \describe ? checkRd: (-1) pdfsqcdf.Rd:45-47: Lost braces in \itemize; meant \describe ? checkRd: (-1) pdfsqcdf.Rd:49-51: Lost braces in \itemize; meant \describe ? checkRd: (-1) pdfsqcdfstar.Rd:24: Lost braces in \itemize; meant \describe ? checkRd: (-1) pdfsqcdfstar.Rd:26: Lost braces in \itemize; meant \describe ? checkRd: (-1) pdfsqcdfstar.Rd:28: Lost braces in \itemize; meant \describe ? checkRd: (-1) pdfsqcdfstar.Rd:30: Lost braces in \itemize; meant \describe ? checkRd: (-1) pdfsqcdfstar.Rd:32-34: Lost braces in \itemize; meant \describe ? checkRd: (-1) pdfsqcdfstar.Rd:36: Lost braces in \itemize; meant \describe ? checkRd: (-1) pdfsqcdfstar.Rd:38-42: Lost braces in \itemize; meant \describe ? checkRd: (-1) pdfsqcdfstar.Rd:44: Lost braces in \itemize; meant \describe ? checkRd: (-1) pdfsqcdfstar.Rd:46-48: Lost braces in \itemize; meant \describe ? checkRd: (-1) pdfsqcdfstar.Rd:50-52: Lost braces in \itemize; meant \describe ? checkRd: (-1) pdfthird.Rd:24: Lost braces in \itemize; meant \describe ? checkRd: (-1) pdfthird.Rd:26: Lost braces in \itemize; meant \describe ? checkRd: (-1) pdfthird.Rd:28: Lost braces in \itemize; meant \describe ? checkRd: (-1) pdfthird.Rd:30: Lost braces in \itemize; meant \describe ? checkRd: (-1) pdfthird.Rd:32-34: Lost braces in \itemize; meant \describe ? checkRd: (-1) pdfthird.Rd:36: Lost braces in \itemize; meant \describe ? checkRd: (-1) pdfthird.Rd:38-42: Lost braces in \itemize; meant \describe ? checkRd: (-1) pdfthird.Rd:44: Lost braces in \itemize; meant \describe ? checkRd: (-1) pdfthird.Rd:46-48: Lost braces in \itemize; meant \describe ? checkRd: (-1) pdfthird.Rd:50-52: Lost braces in \itemize; meant \describe ? checkRd: (-1) q.sample.Rd:25-26: Lost braces in \itemize; meant \describe ? checkRd: (-1) q.sample.Rd:28-30: Lost braces in \itemize; meant \describe ? checkRd: (-1) q.sample.Rd:32: Lost braces in \itemize; meant \describe ? checkRd: (-1) q.sample.Rd:34: Lost braces in \itemize; meant \describe ? checkRd: (-1) q.sample.Rd:36-38: Lost braces in \itemize; meant \describe ? checkRd: (-1) q.sample.Rd:40-42: Lost braces in \itemize; meant \describe ? checkRd: (-1) q.sample.Rd:44: Lost braces in \itemize; meant \describe ? checkRd: (-1) q.sample.Rd:46-47: Lost braces in \itemize; meant \describe ? checkRd: (-1) q.sample.Rd:49: Lost braces in \itemize; meant \describe ? checkRd: (-1) q.sample.Rd:51: Lost braces in \itemize; meant \describe ? checkRd: (-1) r.sample.Rd:24: Lost braces in \itemize; meant \describe ? checkRd: (-1) r.sample.Rd:26: Lost braces in \itemize; meant \describe ? checkRd: (-1) r.sample.Rd:28: Lost braces in \itemize; meant \describe ? checkRd: (-1) r.sample.Rd:30: Lost braces in \itemize; meant \describe ? checkRd: (-1) r.sample.Rd:32-34: Lost braces in \itemize; meant \describe ? checkRd: (-1) r.sample.Rd:36: Lost braces in \itemize; meant \describe ? checkRd: (-1) r.sample.Rd:38-42: Lost braces in \itemize; meant \describe ? checkRd: (-1) r.sample.Rd:44: Lost braces in \itemize; meant \describe ? checkRd: (-1) r.sample.Rd:46-48: Lost braces in \itemize; meant \describe ? checkRd: (-1) r.sample.Rd:50-52: Lost braces in \itemize; meant \describe ? Flavors: r-devel-linux-x86_64-debian-clang, r-devel-linux-x86_64-debian-gcc, r-devel-linux-x86_64-fedora-clang, r-devel-linux-x86_64-fedora-gcc, r-devel-windows-x86_64