Last updated on 2023-12-04 05:08:58 CET.
Flavor | Version | Tinstall | Tcheck | Ttotal | Status | Flags |
---|---|---|---|---|---|---|
r-devel-linux-x86_64-debian-clang | 0.0-3 | 1.84 | 23.93 | 25.77 | NOTE | |
r-devel-linux-x86_64-debian-gcc | 0.0-3 | 1.63 | 18.44 | 20.07 | NOTE | |
r-devel-linux-x86_64-fedora-clang | 0.0-3 | 33.22 | NOTE | |||
r-devel-linux-x86_64-fedora-gcc | 0.0-3 | 30.22 | NOTE | |||
r-devel-windows-x86_64 | 0.0-3 | 3.00 | 39.00 | 42.00 | NOTE | |
r-patched-linux-x86_64 | 0.0-3 | 2.08 | 23.55 | 25.63 | NOTE | |
r-release-linux-x86_64 | 0.0-3 | 2.01 | 23.06 | 25.07 | NOTE | |
r-release-macos-arm64 | 0.0-3 | 16.00 | NOTE | |||
r-release-macos-x86_64 | 0.0-3 | 20.00 | NOTE | |||
r-release-windows-x86_64 | 0.0-3 | 3.00 | 41.00 | 44.00 | NOTE | |
r-oldrel-macos-arm64 | 0.0-3 | 17.00 | NOTE | |||
r-oldrel-macos-x86_64 | 0.0-3 | 22.00 | NOTE | |||
r-oldrel-windows-x86_64 | 0.0-3 | 4.00 | 43.00 | 47.00 | NOTE |
Version: 0.0-3
Check: LazyData
Result: NOTE
'LazyData' is specified without a 'data' directory
Flavors: r-devel-linux-x86_64-debian-clang, r-devel-linux-x86_64-debian-gcc, r-devel-linux-x86_64-fedora-clang, r-devel-linux-x86_64-fedora-gcc, r-devel-windows-x86_64, r-patched-linux-x86_64, r-release-linux-x86_64, r-release-macos-arm64, r-release-macos-x86_64, r-release-windows-x86_64, r-oldrel-macos-arm64, r-oldrel-macos-x86_64, r-oldrel-windows-x86_64
Version: 0.0-3
Check: Rd cross-references
Result: NOTE
Undeclared package ‘sets’ in Rd xrefs
Flavor: r-devel-linux-x86_64-fedora-clang