Last updated on 2023-09-24 05:53:04 CEST.
Flavor | Version | Tinstall | Tcheck | Ttotal | Status | Flags |
---|---|---|---|---|---|---|
r-devel-linux-x86_64-debian-clang | 0.0-5 | 3.53 | 30.34 | 33.87 | NOTE | |
r-devel-linux-x86_64-debian-gcc | 0.0-5 | 2.32 | 23.64 | 25.96 | NOTE | |
r-devel-linux-x86_64-fedora-clang | 0.0-5 | 41.13 | NOTE | |||
r-devel-linux-x86_64-fedora-gcc | 0.0-5 | 40.86 | NOTE | |||
r-devel-windows-x86_64 | 0.0-5 | 3.00 | 50.00 | 53.00 | NOTE | |
r-patched-linux-x86_64 | 0.0-5 | 3.29 | 29.89 | 33.18 | NOTE | |
r-release-linux-x86_64 | 0.0-5 | 2.40 | 29.74 | 32.14 | NOTE | |
r-release-macos-arm64 | 0.0-5 | 20.00 | NOTE | |||
r-release-macos-x86_64 | 0.0-5 | 26.00 | NOTE | |||
r-release-windows-x86_64 | 0.0-5 | 7.00 | 52.00 | 59.00 | NOTE | |
r-oldrel-macos-arm64 | 0.0-5 | 20.00 | NOTE | |||
r-oldrel-macos-x86_64 | 0.0-5 | 24.00 | NOTE | |||
r-oldrel-windows-x86_64 | 0.0-5 | 5.00 | 50.00 | 55.00 | NOTE |
Version: 0.0-5
Check: LazyData
Result: NOTE
'LazyData' is specified without a 'data' directory
Flavors: r-devel-linux-x86_64-debian-clang, r-devel-linux-x86_64-debian-gcc, r-devel-linux-x86_64-fedora-clang, r-devel-linux-x86_64-fedora-gcc, r-devel-windows-x86_64, r-patched-linux-x86_64, r-release-linux-x86_64, r-release-macos-arm64, r-release-macos-x86_64, r-release-windows-x86_64, r-oldrel-macos-arm64, r-oldrel-macos-x86_64, r-oldrel-windows-x86_64
Version: 0.0-5
Check: Rd cross-references
Result: NOTE
Undeclared package ‘rstudioapi’ in Rd xrefs
Flavor: r-devel-linux-x86_64-fedora-clang