CRAN Package Check Results for Package assertive.numbers

Last updated on 2023-09-24 05:53:04 CEST.

Flavor Version Tinstall Tcheck Ttotal Status Flags
r-devel-linux-x86_64-debian-clang 0.0-2 2.13 29.30 31.43 NOTE
r-devel-linux-x86_64-debian-gcc 0.0-2 2.28 22.88 25.16 NOTE
r-devel-linux-x86_64-fedora-clang 0.0-2 39.45 NOTE
r-devel-linux-x86_64-fedora-gcc 0.0-2 39.52 NOTE
r-devel-windows-x86_64 0.0-2 2.00 51.00 53.00 NOTE
r-patched-linux-x86_64 0.0-2 2.45 28.33 30.78 NOTE
r-release-linux-x86_64 0.0-2 3.13 28.39 31.52 NOTE
r-release-macos-arm64 0.0-2 18.00 NOTE
r-release-macos-x86_64 0.0-2 26.00 NOTE
r-release-windows-x86_64 0.0-2 3.00 46.00 49.00 NOTE
r-oldrel-macos-arm64 0.0-2 19.00 NOTE
r-oldrel-macos-x86_64 0.0-2 23.00 NOTE
r-oldrel-windows-x86_64 0.0-2 4.00 46.00 50.00 NOTE

Check Details

Version: 0.0-2
Check: LazyData
Result: NOTE
     'LazyData' is specified without a 'data' directory
Flavors: r-devel-linux-x86_64-debian-clang, r-devel-linux-x86_64-debian-gcc, r-devel-linux-x86_64-fedora-clang, r-devel-linux-x86_64-fedora-gcc, r-devel-windows-x86_64, r-patched-linux-x86_64, r-release-linux-x86_64, r-release-macos-arm64, r-release-macos-x86_64, r-release-windows-x86_64, r-oldrel-macos-arm64, r-oldrel-macos-x86_64, r-oldrel-windows-x86_64