Last updated on 2023-09-24 05:53:04 CEST.
Flavor | Version | Tinstall | Tcheck | Ttotal | Status | Flags |
---|---|---|---|---|---|---|
r-devel-linux-x86_64-debian-clang | 0.0-2 | 2.16 | 24.95 | 27.11 | NOTE | |
r-devel-linux-x86_64-debian-gcc | 0.0-2 | 1.81 | 19.41 | 21.22 | NOTE | |
r-devel-linux-x86_64-fedora-clang | 0.0-2 | 33.67 | NOTE | |||
r-devel-linux-x86_64-fedora-gcc | 0.0-2 | 33.13 | NOTE | |||
r-devel-windows-x86_64 | 0.0-2 | 3.00 | 42.00 | 45.00 | NOTE | |
r-patched-linux-x86_64 | 0.0-2 | 2.37 | 24.06 | 26.43 | NOTE | |
r-release-linux-x86_64 | 0.0-2 | 1.85 | 24.45 | 26.30 | NOTE | |
r-release-macos-arm64 | 0.0-2 | 16.00 | NOTE | |||
r-release-macos-x86_64 | 0.0-2 | 20.00 | NOTE | |||
r-release-windows-x86_64 | 0.0-2 | 5.00 | 41.00 | 46.00 | NOTE | |
r-oldrel-macos-arm64 | 0.0-2 | 17.00 | NOTE | |||
r-oldrel-macos-x86_64 | 0.0-2 | 23.00 | NOTE | |||
r-oldrel-windows-x86_64 | 0.0-2 | 4.00 | 43.00 | 47.00 | NOTE |
Version: 0.0-2
Check: LazyData
Result: NOTE
'LazyData' is specified without a 'data' directory
Flavors: r-devel-linux-x86_64-debian-clang, r-devel-linux-x86_64-debian-gcc, r-devel-linux-x86_64-fedora-clang, r-devel-linux-x86_64-fedora-gcc, r-devel-windows-x86_64, r-patched-linux-x86_64, r-release-linux-x86_64, r-release-macos-arm64, r-release-macos-x86_64, r-release-windows-x86_64, r-oldrel-macos-arm64, r-oldrel-macos-x86_64, r-oldrel-windows-x86_64