Last updated on 2023-10-02 05:57:51 CEST.
Flavor | Version | Tinstall | Tcheck | Ttotal | Status | Flags |
---|---|---|---|---|---|---|
r-devel-linux-x86_64-debian-clang | 0.0-3 | 2.44 | 25.28 | 27.72 | NOTE | |
r-devel-linux-x86_64-debian-gcc | 0.0-3 | 1.81 | 19.92 | 21.73 | NOTE | |
r-devel-linux-x86_64-fedora-clang | 0.0-3 | 33.72 | NOTE | |||
r-devel-linux-x86_64-fedora-gcc | 0.0-3 | 34.14 | NOTE | |||
r-devel-windows-x86_64 | 0.0-3 | 3.00 | 42.00 | 45.00 | NOTE | |
r-patched-linux-x86_64 | 0.0-3 | 2.31 | 24.93 | 27.24 | NOTE | |
r-release-linux-x86_64 | 0.0-3 | 1.92 | 24.92 | 26.84 | NOTE | |
r-release-macos-arm64 | 0.0-3 | 19.00 | NOTE | |||
r-release-macos-x86_64 | 0.0-3 | 22.00 | NOTE | |||
r-release-windows-x86_64 | 0.0-3 | 7.00 | 43.00 | 50.00 | NOTE | |
r-oldrel-macos-arm64 | 0.0-3 | 16.00 | NOTE | |||
r-oldrel-macos-x86_64 | 0.0-3 | 22.00 | NOTE | |||
r-oldrel-windows-x86_64 | 0.0-3 | 4.00 | 46.00 | 50.00 | NOTE |
Version: 0.0-3
Check: LazyData
Result: NOTE
'LazyData' is specified without a 'data' directory
Flavors: r-devel-linux-x86_64-debian-clang, r-devel-linux-x86_64-debian-gcc, r-devel-linux-x86_64-fedora-clang, r-devel-linux-x86_64-fedora-gcc, r-devel-windows-x86_64, r-patched-linux-x86_64, r-release-linux-x86_64, r-release-macos-arm64, r-release-macos-x86_64, r-release-windows-x86_64, r-oldrel-macos-arm64, r-oldrel-macos-x86_64, r-oldrel-windows-x86_64