CRAN Package Check Results for Package assertive.data.us

Last updated on 2023-10-02 05:57:51 CEST.

Flavor Version Tinstall Tcheck Ttotal Status Flags
r-devel-linux-x86_64-debian-clang 0.0-2 1.79 25.03 26.82 NOTE
r-devel-linux-x86_64-debian-gcc 0.0-2 1.58 19.64 21.22 NOTE
r-devel-linux-x86_64-fedora-clang 0.0-2 33.39 NOTE
r-devel-linux-x86_64-fedora-gcc 0.0-2 33.58 NOTE
r-devel-windows-x86_64 0.0-2 3.00 43.00 46.00 NOTE
r-patched-linux-x86_64 0.0-2 2.06 24.83 26.89 NOTE
r-release-linux-x86_64 0.0-2 2.19 24.65 26.84 NOTE
r-release-macos-arm64 0.0-2 20.00 NOTE
r-release-macos-x86_64 0.0-2 24.00 NOTE
r-release-windows-x86_64 0.0-2 4.00 42.00 46.00 NOTE
r-oldrel-macos-arm64 0.0-2 17.00 NOTE
r-oldrel-macos-x86_64 0.0-2 21.00 NOTE
r-oldrel-windows-x86_64 0.0-2 4.00 45.00 49.00 NOTE

Check Details

Version: 0.0-2
Check: LazyData
Result: NOTE
     'LazyData' is specified without a 'data' directory
Flavors: r-devel-linux-x86_64-debian-clang, r-devel-linux-x86_64-debian-gcc, r-devel-linux-x86_64-fedora-clang, r-devel-linux-x86_64-fedora-gcc, r-devel-windows-x86_64, r-patched-linux-x86_64, r-release-linux-x86_64, r-release-macos-arm64, r-release-macos-x86_64, r-release-windows-x86_64, r-oldrel-macos-arm64, r-oldrel-macos-x86_64, r-oldrel-windows-x86_64