CRAN Package Check Results for Package asmbPLS

Last updated on 2024-03-02 04:48:16 CET.

Flavor Version Tinstall Tcheck Ttotal Status Flags
r-devel-linux-x86_64-debian-clang 1.0.0 293.21 135.10 428.31 OK
r-devel-linux-x86_64-debian-gcc 1.0.0 272.62 114.79 387.41 OK
r-devel-linux-x86_64-fedora-clang 1.0.0 719.23 OK
r-devel-linux-x86_64-fedora-gcc 1.0.0 712.46 OK
r-devel-windows-x86_64 1.0.0 245.00 135.00 380.00 OK
r-patched-linux-x86_64 1.0.0 301.50 144.04 445.54 OK
r-release-linux-x86_64 1.0.0 304.39 146.19 450.58 OK
r-release-macos-arm64 1.0.0 96.00 NOTE
r-release-macos-x86_64 1.0.0 170.00 NOTE
r-release-windows-x86_64 1.0.0 298.00 176.00 474.00 OK
r-oldrel-macos-arm64 1.0.0 91.00 NOTE
r-oldrel-windows-x86_64 1.0.0 293.00 170.00 463.00 OK

Check Details

Version: 1.0.0
Check: installed package size
Result: NOTE installed size is 11.3Mb sub-directories of 1Mb or more: data 1.1Mb libs 9.0Mb Flavors: r-release-macos-arm64, r-release-macos-x86_64, r-oldrel-macos-arm64