Last updated on 2023-11-29 04:57:14 CET.
Flavor | Version | Tinstall | Tcheck | Ttotal | Status | Flags |
---|---|---|---|---|---|---|
r-devel-linux-x86_64-debian-clang | 0.1.2 | 20.12 | 200.02 | 220.14 | NOTE | |
r-devel-linux-x86_64-debian-gcc | 0.1.2 | 16.42 | 153.03 | 169.45 | NOTE | |
r-devel-linux-x86_64-fedora-clang | 0.1.2 | 261.83 | OK | |||
r-devel-linux-x86_64-fedora-gcc | 0.1.2 | 259.63 | OK | |||
r-devel-windows-x86_64 | 0.1.2 | 17.00 | 140.00 | 157.00 | OK | |
r-patched-linux-x86_64 | 0.1.2 | 25.38 | 197.44 | 222.82 | OK | |
r-release-linux-x86_64 | 0.1.2 | 13.72 | 193.54 | 207.26 | OK | |
r-release-macos-arm64 | 0.1.2 | 72.00 | OK | |||
r-release-macos-x86_64 | 0.1.2 | 104.00 | OK | |||
r-release-windows-x86_64 | 0.1.2 | 22.00 | 178.00 | 200.00 | OK | |
r-oldrel-macos-arm64 | 0.1.2 | 63.00 | OK | |||
r-oldrel-macos-x86_64 | 0.1.2 | 94.00 | OK | |||
r-oldrel-windows-x86_64 | 0.1.2 | 23.00 | 164.00 | 187.00 | OK |
Version: 0.1.2
Check: Rd files
Result: NOTE
checkRd: (-1) convertAlgoPerfToWideFormat.Rd:28: Lost braces
28 | code{NA} means the performance value is not available, possibly because the algorithm run was aborted.
| ^
checkRd: (-1) parseASScenario.Rd:40: Lost braces
40 | code{NA} means the cost is not available, possibly because the feature computation was aborted.
| ^
checkRd: (-1) parseASScenario.Rd:47: Lost braces
47 | code{NA} means the cost is not available, possibly because the feature computation was aborted.
| ^
checkRd: (-1) parseASScenario.Rd:55: Lost braces
55 | code{NA} means the feature is not available, possibly because the feature computation was aborted.
| ^
checkRd: (-1) parseASScenario.Rd:62: Lost braces
62 | code{NA} means the feature is not available, possibly because the feature computation was aborted.
| ^
Flavors: r-devel-linux-x86_64-debian-clang, r-devel-linux-x86_64-debian-gcc