CRAN Package Check Results for Package arulesSequences

Last updated on 2024-02-26 04:49:20 CET.

Flavor Version Tinstall Tcheck Ttotal Status Flags
r-devel-linux-x86_64-debian-clang 0.2-30 41.00 166.84 207.84 OK
r-devel-linux-x86_64-debian-gcc 0.2-30 31.91 139.36 171.27 OK
r-devel-linux-x86_64-fedora-clang 0.2-30 283.18 OK
r-devel-linux-x86_64-fedora-gcc 0.2-30 256.58 OK
r-devel-windows-x86_64 0.2-30 42.00 145.00 187.00 NOTE
r-patched-linux-x86_64 0.2-30 42.34 165.70 208.04 OK
r-release-linux-x86_64 0.2-30 39.42 165.49 204.91 OK
r-release-macos-arm64 0.2-30 78.00 OK
r-release-macos-x86_64 0.2-30 207.00 OK
r-release-windows-x86_64 0.2-30 54.00 186.00 240.00 NOTE
r-oldrel-macos-arm64 0.2-30 85.00 OK
r-oldrel-windows-x86_64 0.2-30 50.00 175.00 225.00 NOTE

Check Details

Version: 0.2-30
Check: installed package size
Result: NOTE installed size is 14.3Mb sub-directories of 1Mb or more: bin 11.3Mb misc 2.1Mb Flavors: r-devel-windows-x86_64, r-release-windows-x86_64, r-oldrel-windows-x86_64