CRAN Package Check Results for Package arrayhelpers

Last updated on 2023-10-02 05:57:51 CEST.

Flavor Version Tinstall Tcheck Ttotal Status Flags
r-devel-linux-x86_64-debian-clang 1.1-0 3.57 32.93 36.50 NOTE
r-devel-linux-x86_64-debian-gcc 1.1-0 2.52 25.82 28.34 NOTE
r-devel-linux-x86_64-fedora-clang 1.1-0 43.30 NOTE
r-devel-linux-x86_64-fedora-gcc 1.1-0 44.72 NOTE
r-devel-windows-x86_64 1.1-0 4.00 55.00 59.00 NOTE
r-patched-linux-x86_64 1.1-0 3.94 32.14 36.08 NOTE
r-release-linux-x86_64 1.1-0 2.99 32.69 35.68 NOTE
r-release-macos-arm64 1.1-0 19.00 NOTE
r-release-macos-x86_64 1.1-0 26.00 NOTE
r-release-windows-x86_64 1.1-0 6.00 57.00 63.00 NOTE
r-oldrel-macos-arm64 1.1-0 19.00 NOTE
r-oldrel-macos-x86_64 1.1-0 26.00 NOTE
r-oldrel-windows-x86_64 1.1-0 5.00 56.00 61.00 NOTE

Check Details

Version: 1.1-0
Check: LazyData
Result: NOTE
     'LazyData' is specified without a 'data' directory
Flavors: r-devel-linux-x86_64-debian-clang, r-devel-linux-x86_64-debian-gcc, r-devel-linux-x86_64-fedora-clang, r-devel-linux-x86_64-fedora-gcc, r-devel-windows-x86_64, r-patched-linux-x86_64, r-release-linux-x86_64, r-release-macos-arm64, r-release-macos-x86_64, r-release-windows-x86_64, r-oldrel-macos-arm64, r-oldrel-macos-x86_64, r-oldrel-windows-x86_64