CRAN Package Check Results for Package argonR

Last updated on 2024-02-23 05:07:13 CET.

Flavor Version Tinstall Tcheck Ttotal Status Flags
r-devel-linux-x86_64-debian-clang 0.2.0 NOTE
r-devel-linux-x86_64-debian-gcc 0.2.0 3.55 25.67 29.22 NOTE
r-devel-linux-x86_64-fedora-clang 0.2.0 48.83 NOTE
r-devel-linux-x86_64-fedora-gcc 0.2.0 58.04 NOTE
r-devel-windows-x86_64 0.2.0 5.00 54.00 59.00 NOTE
r-patched-linux-x86_64 0.2.0 5.63 32.75 38.38 NOTE
r-release-linux-x86_64 0.2.0 4.41 32.35 36.76 NOTE
r-release-macos-arm64 0.2.0 27.00 NOTE
r-release-macos-x86_64 0.2.0 37.00 NOTE
r-release-windows-x86_64 0.2.0 6.00 56.00 62.00 NOTE
r-oldrel-macos-arm64 0.2.0 23.00 NOTE
r-oldrel-windows-x86_64 0.2.0 8.00 51.00 59.00 NOTE

Check Details

Version: 0.2.0
Check: LazyData
Result: NOTE 'LazyData' is specified without a 'data' directory Flavors: r-devel-linux-x86_64-debian-clang, r-devel-linux-x86_64-debian-gcc, r-devel-linux-x86_64-fedora-clang, r-devel-linux-x86_64-fedora-gcc, r-devel-windows-x86_64, r-patched-linux-x86_64, r-release-linux-x86_64, r-release-macos-arm64, r-release-macos-x86_64, r-release-windows-x86_64, r-oldrel-macos-arm64, r-oldrel-windows-x86_64