Last updated on 2023-12-10 04:55:51 CET.
Flavor | Version | Tinstall | Tcheck | Ttotal | Status | Flags |
---|---|---|---|---|---|---|
r-devel-linux-x86_64-debian-clang | 0.2.6 | 8.12 | 66.05 | 74.17 | NOTE | |
r-devel-linux-x86_64-debian-gcc | 0.2.6 | 5.70 | 50.23 | 55.93 | NOTE | |
r-devel-linux-x86_64-fedora-clang | 0.2.6 | 92.24 | NOTE | |||
r-devel-linux-x86_64-fedora-gcc | 0.2.6 | 109.09 | NOTE | |||
r-devel-windows-x86_64 | 0.2.6 | 8.00 | 69.00 | 77.00 | NOTE | |
r-patched-linux-x86_64 | 0.2.6 | 11.82 | 64.55 | 76.37 | NOTE | |
r-release-linux-x86_64 | 0.2.6 | 7.73 | 61.30 | 69.03 | NOTE | |
r-release-macos-arm64 | 0.2.6 | 34.00 | NOTE | |||
r-release-macos-x86_64 | 0.2.6 | 58.00 | NOTE | |||
r-release-windows-x86_64 | 0.2.6 | 9.00 | 80.00 | 89.00 | NOTE | |
r-oldrel-macos-arm64 | 0.2.6 | 28.00 | NOTE | |||
r-oldrel-macos-x86_64 | 0.2.6 | 40.00 | NOTE | |||
r-oldrel-windows-x86_64 | 0.2.6 | 10.00 | 75.00 | 85.00 | NOTE |
Version: 0.2.6
Check: LazyData
Result: NOTE
'LazyData' is specified without a 'data' directory
Flavors: r-devel-linux-x86_64-debian-clang, r-devel-linux-x86_64-debian-gcc, r-devel-linux-x86_64-fedora-clang, r-devel-linux-x86_64-fedora-gcc, r-devel-windows-x86_64, r-patched-linux-x86_64, r-release-linux-x86_64, r-release-macos-arm64, r-release-macos-x86_64, r-release-windows-x86_64, r-oldrel-macos-arm64, r-oldrel-macos-x86_64, r-oldrel-windows-x86_64