CRAN Package Check Results for Package archivist.github

Last updated on 2024-06-24 05:48:09 CEST.

Flavor Version Tinstall Tcheck Ttotal Status Flags
r-devel-linux-x86_64-debian-clang 0.2.6 7.79 68.67 76.46 NOTE
r-devel-linux-x86_64-debian-gcc 0.2.6 5.20 51.37 56.57 NOTE
r-devel-linux-x86_64-fedora-clang 0.2.6 97.19 NOTE
r-devel-linux-x86_64-fedora-gcc 0.2.6 107.21 NOTE
r-devel-windows-x86_64 0.2.6 8.00 69.00 77.00 NOTE
r-patched-linux-x86_64 0.2.6 11.39 65.80 77.19 NOTE
r-release-linux-x86_64 0.2.6 8.23 65.32 73.55 NOTE
r-release-macos-arm64 0.2.6 35.00 NOTE
r-release-macos-x86_64 0.2.6 58.00 NOTE
r-release-windows-x86_64 0.2.6 9.00 70.00 79.00 NOTE
r-oldrel-macos-arm64 0.2.6 34.00 NOTE
r-oldrel-macos-x86_64 0.2.6 58.00 NOTE
r-oldrel-windows-x86_64 0.2.6 8.00 79.00 87.00 NOTE

Check Details

Version: 0.2.6
Check: LazyData
Result: NOTE 'LazyData' is specified without a 'data' directory Flavors: r-devel-linux-x86_64-debian-clang, r-devel-linux-x86_64-debian-gcc, r-devel-linux-x86_64-fedora-clang, r-devel-linux-x86_64-fedora-gcc, r-devel-windows-x86_64, r-patched-linux-x86_64, r-release-linux-x86_64, r-release-macos-arm64, r-release-macos-x86_64, r-release-windows-x86_64, r-oldrel-macos-arm64, r-oldrel-macos-x86_64, r-oldrel-windows-x86_64