CRAN Package Check Results for Package aplotExtra

Last updated on 2024-02-25 04:50:59 CET.

Flavor Version Tinstall Tcheck Ttotal Status Flags
r-devel-linux-x86_64-debian-clang 0.0.2 13.75 102.56 116.31 OK
r-devel-linux-x86_64-debian-gcc 0.0.2 10.10 77.95 88.05 OK
r-devel-linux-x86_64-fedora-clang 0.0.2 140.08 OK
r-devel-linux-x86_64-fedora-gcc 0.0.2 150.36 NOTE
r-devel-windows-x86_64 0.0.2 11.00 87.00 98.00 OK
r-patched-linux-x86_64 0.0.2 10.93 101.26 112.19 OK
r-release-linux-x86_64 0.0.2 7.76 100.31 108.07 OK
r-release-macos-arm64 0.0.2 48.00 OK
r-release-macos-x86_64 0.0.2 88.00 OK
r-release-windows-x86_64 0.0.2 15.00 106.00 121.00 OK
r-oldrel-macos-arm64 0.0.2 47.00 OK
r-oldrel-windows-x86_64 0.0.2 16.00 117.00 133.00 OK

Check Details

Version: 0.0.2
Check: package dependencies
Result: NOTE Package suggested but not available for checking: ‘ggtree’ Flavor: r-devel-linux-x86_64-fedora-gcc