Last updated on 2023-12-02 04:52:06 CET.
Flavor | Version | Tinstall | Tcheck | Ttotal | Status | Flags |
---|---|---|---|---|---|---|
r-devel-linux-x86_64-debian-clang | 0.3.0 | 53.21 | 43.82 | 97.03 | NOTE | |
r-devel-linux-x86_64-debian-gcc | 0.3.0 | 36.85 | 34.44 | 71.29 | NOTE | |
r-devel-linux-x86_64-fedora-clang | 0.3.0 | 159.93 | NOTE | |||
r-devel-linux-x86_64-fedora-gcc | 0.3.0 | 148.60 | NOTE | |||
r-devel-windows-x86_64 | 0.3.0 | 35.00 | 97.00 | 132.00 | NOTE | |
r-patched-linux-x86_64 | 0.3.0 | 41.55 | 43.74 | 85.29 | NOTE | |
r-release-linux-x86_64 | 0.3.0 | 42.95 | 43.39 | 86.34 | NOTE | |
r-release-macos-arm64 | 0.3.0 | 56.00 | NOTE | |||
r-release-macos-x86_64 | 0.3.0 | 80.00 | NOTE | |||
r-release-windows-x86_64 | 0.3.0 | 36.00 | 119.00 | 155.00 | NOTE | |
r-oldrel-macos-arm64 | 0.3.0 | 49.00 | OK | |||
r-oldrel-macos-x86_64 | 0.3.0 | 91.00 | OK | |||
r-oldrel-windows-x86_64 | 0.3.0 | 52.00 | 103.00 | 155.00 | OK |
Version: 0.3.0
Check: C++ specification
Result: NOTE
Specified C++11: please drop specification unless essential
Flavors: r-devel-linux-x86_64-debian-clang, r-devel-linux-x86_64-debian-gcc, r-devel-linux-x86_64-fedora-clang, r-devel-linux-x86_64-fedora-gcc, r-devel-windows-x86_64, r-patched-linux-x86_64, r-release-linux-x86_64, r-release-macos-arm64, r-release-macos-x86_64, r-release-windows-x86_64
Version: 0.3.0
Check: installed package size
Result: NOTE
installed size is 5.1Mb
sub-directories of 1Mb or more:
libs 4.5Mb
Flavor: r-release-macos-x86_64