Last updated on 2023-12-04 05:08:57 CET.
Flavor | Version | Tinstall | Tcheck | Ttotal | Status | Flags |
---|---|---|---|---|---|---|
r-devel-linux-x86_64-debian-clang | 2.6.0 | 15.98 | 280.56 | 296.54 | NOTE | |
r-devel-linux-x86_64-debian-gcc | 2.6.0 | 12.77 | 206.70 | 219.47 | NOTE | |
r-devel-linux-x86_64-fedora-clang | 2.6.0 | 350.64 | OK | |||
r-devel-linux-x86_64-fedora-gcc | 2.6.0 | 325.63 | OK | |||
r-devel-windows-x86_64 | 2.6.0 | 16.00 | 169.00 | 185.00 | OK | |
r-patched-linux-x86_64 | 2.6.0 | 17.78 | 248.76 | 266.54 | OK | |
r-release-linux-x86_64 | 2.6.0 | 16.00 | 237.24 | 253.24 | OK | |
r-release-macos-arm64 | 2.6.0 | 81.00 | NOTE | |||
r-release-macos-x86_64 | 2.6.0 | 151.00 | NOTE | |||
r-release-windows-x86_64 | 2.6.0 | 22.00 | 207.00 | 229.00 | OK | |
r-oldrel-macos-arm64 | 2.6.0 | 74.00 | OK | |||
r-oldrel-macos-x86_64 | 2.6.0 | 103.00 | OK | |||
r-oldrel-windows-x86_64 | 2.6.0 | 22.00 | 209.00 | 231.00 | OK |
Version: 2.6.0
Check: Rd files
Result: NOTE
checkRd: (-1) aggregatate_mc_all.Rd:40: Lost braces in \itemize; meant \describe ?
checkRd: (-1) aggregatate_mc_all.Rd:41: Lost braces in \itemize; meant \describe ?
checkRd: (-1) aggregatate_mc_all.Rd:42: Lost braces in \itemize; meant \describe ?
Flavors: r-devel-linux-x86_64-debian-clang, r-devel-linux-x86_64-debian-gcc
Version: 2.6.0
Check: package dependencies
Result: NOTE
Package suggested but not available for checking: ‘rhdf5’
Flavors: r-release-macos-arm64, r-release-macos-x86_64