CRAN Package Check Results for Package and

Last updated on 2023-12-06 04:55:44 CET.

Flavor Version Tinstall Tcheck Ttotal Status Flags
r-devel-linux-x86_64-debian-clang 0.1.5 3.22 27.44 30.66 OK
r-devel-linux-x86_64-debian-gcc 0.1.5 2.86 22.27 25.13 OK
r-devel-linux-x86_64-fedora-clang 0.1.5 38.38 NOTE
r-devel-linux-x86_64-fedora-gcc 0.1.5 36.44 NOTE
r-devel-windows-x86_64 0.1.5 7.00 44.00 51.00 OK
r-patched-linux-x86_64 0.1.5 3.24 27.43 30.67 OK
r-release-linux-x86_64 0.1.5 2.97 26.89 29.86 OK
r-release-macos-arm64 0.1.5 18.00 OK
r-release-macos-x86_64 0.1.5 42.00 OK
r-release-windows-x86_64 0.1.5 8.00 48.00 56.00 OK
r-oldrel-macos-arm64 0.1.5 21.00 OK
r-oldrel-macos-x86_64 0.1.5 41.00 OK
r-oldrel-windows-x86_64 0.1.5 8.00 48.00 56.00 OK

Check Details

Version: 0.1.5
Check: data for non-ASCII characters
Result: NOTE Note: found 237 marked UTF-8 strings Flavors: r-devel-linux-x86_64-fedora-clang, r-devel-linux-x86_64-fedora-gcc