Last updated on 2023-12-09 04:50:44 CET.
Flavor | Version | Tinstall | Tcheck | Ttotal | Status | Flags |
---|---|---|---|---|---|---|
r-devel-linux-x86_64-debian-clang | 0.2.5 | 38.84 | 36.75 | 75.59 | NOTE | |
r-devel-linux-x86_64-debian-gcc | 0.2.5 | 28.91 | 28.50 | 57.41 | NOTE | |
r-devel-linux-x86_64-fedora-clang | 0.2.5 | 114.94 | OK | |||
r-devel-linux-x86_64-fedora-gcc | 0.2.5 | 117.87 | OK | |||
r-devel-windows-x86_64 | 0.2.5 | 34.00 | 73.00 | 107.00 | OK | |
r-patched-linux-x86_64 | 0.2.5 | 29.59 | 36.59 | 66.18 | OK | |
r-release-linux-x86_64 | 0.2.5 | 35.99 | 35.57 | 71.56 | OK | |
r-release-macos-arm64 | 0.2.5 | 33.00 | OK | |||
r-release-macos-x86_64 | 0.2.5 | 77.00 | OK | |||
r-release-windows-x86_64 | 0.2.5 | 44.00 | 79.00 | 123.00 | OK | |
r-oldrel-macos-arm64 | 0.2.5 | 36.00 | OK | |||
r-oldrel-macos-x86_64 | 0.2.5 | 54.00 | OK | |||
r-oldrel-windows-x86_64 | 0.2.5 | 40.00 | 78.00 | 118.00 | OK |
Version: 0.2.5
Check: Rd files
Result: NOTE
checkRd: (-1) ProbaMax.Rd:32: Lost braces; missing escapes or markup?
32 | \item{E}{discretization design for the field. If \code{NULL}, a simplex-lattice design {n,n} is used, with \code{n=length(mu)}. In this case the choice of method=4,5 are not advised.}
| ^
checkRd: (-1) ProbaMax.Rd:71: Lost braces in \itemize; \value handles \item{}{} directly
checkRd: (-1) ProbaMax.Rd:72: Lost braces in \itemize; \value handles \item{}{} directly
checkRd: (-1) ProbaMax.Rd:73: Lost braces in \itemize; \value handles \item{}{} directly
checkRd: (-1) ProbaMax.Rd:77: Lost braces in \itemize; \value handles \item{}{} directly
checkRd: (-1) ProbaMax.Rd:78: Lost braces in \itemize; \value handles \item{}{} directly
checkRd: (-1) ProbaMax.Rd:79: Lost braces in \itemize; \value handles \item{}{} directly
checkRd: (-1) ProbaMax.Rd:80: Lost braces in \itemize; \value handles \item{}{} directly
checkRd: (-1) ProbaMin.Rd:32: Lost braces; missing escapes or markup?
32 | \item{E}{discretization design for the field. If \code{NULL}, a simplex-lattice design {n,n} is used, with \code{n=length(mu)}. In this case the choice of method=4,5 are not advised.}
| ^
checkRd: (-1) ProbaMin.Rd:71: Lost braces in \itemize; \value handles \item{}{} directly
checkRd: (-1) ProbaMin.Rd:72: Lost braces in \itemize; \value handles \item{}{} directly
checkRd: (-1) ProbaMin.Rd:73: Lost braces in \itemize; \value handles \item{}{} directly
checkRd: (-1) ProbaMin.Rd:77: Lost braces in \itemize; \value handles \item{}{} directly
checkRd: (-1) ProbaMin.Rd:78: Lost braces in \itemize; \value handles \item{}{} directly
checkRd: (-1) ProbaMin.Rd:79: Lost braces in \itemize; \value handles \item{}{} directly
checkRd: (-1) ProbaMin.Rd:80: Lost braces in \itemize; \value handles \item{}{} directly
checkRd: (-1) selectQdims.Rd:57: Lost braces in \itemize; \value handles \item{}{} directly
checkRd: (-1) selectQdims.Rd:58: Lost braces in \itemize; \value handles \item{}{} directly
checkRd: (-1) selectQdims.Rd:59: Lost braces in \itemize; \value handles \item{}{} directly
checkRd: (-1) selectQdims.Rd:60: Lost braces in \itemize; \value handles \item{}{} directly
checkRd: (-1) selectQdims.Rd:61: Lost braces in \itemize; \value handles \item{}{} directly
Flavors: r-devel-linux-x86_64-debian-clang, r-devel-linux-x86_64-debian-gcc