Last updated on 2023-12-09 04:50:44 CET.
Flavor | Version | Tinstall | Tcheck | Ttotal | Status | Flags |
---|---|---|---|---|---|---|
r-devel-linux-x86_64-debian-clang | 1.0.2 | 22.76 | 53.00 | 75.76 | NOTE | |
r-devel-linux-x86_64-debian-gcc | 1.0.2 | 15.48 | 41.87 | 57.35 | NOTE | |
r-devel-linux-x86_64-fedora-clang | 1.0.2 | 104.39 | NOTE | |||
r-devel-linux-x86_64-fedora-gcc | 1.0.2 | 96.67 | NOTE | |||
r-devel-windows-x86_64 | 1.0.2 | 22.00 | 84.00 | 106.00 | NOTE | |
r-patched-linux-x86_64 | 1.0.2 | 18.55 | 50.34 | 68.89 | NOTE | |
r-release-linux-x86_64 | 1.0.2 | 19.88 | 52.38 | 72.26 | NOTE | |
r-release-macos-arm64 | 1.0.2 | 39.00 | NOTE | |||
r-release-macos-x86_64 | 1.0.2 | 58.00 | NOTE | |||
r-release-windows-x86_64 | 1.0.2 | 25.00 | 89.00 | 114.00 | NOTE | |
r-oldrel-macos-arm64 | 1.0.2 | 38.00 | OK | |||
r-oldrel-macos-x86_64 | 1.0.2 | 62.00 | OK | |||
r-oldrel-windows-x86_64 | 1.0.2 | 25.00 | 84.00 | 109.00 | OK |
Version: 1.0.2
Check: C++ specification
Result: NOTE
Specified C++11: please drop specification unless essential
Flavors: r-devel-linux-x86_64-debian-clang, r-devel-linux-x86_64-debian-gcc, r-devel-linux-x86_64-fedora-clang, r-devel-linux-x86_64-fedora-gcc, r-devel-windows-x86_64, r-patched-linux-x86_64, r-release-linux-x86_64, r-release-macos-arm64, r-release-macos-x86_64, r-release-windows-x86_64