CRAN Package Check Results for Package alphashape3d

Last updated on 2024-06-14 05:58:15 CEST.

Flavor Version Tinstall Tcheck Ttotal Status Flags
r-devel-linux-x86_64-debian-clang 1.3.2 6.33 56.53 62.86 OK
r-devel-linux-x86_64-debian-gcc 1.3.2 5.81 42.76 48.57 NOTE
r-devel-linux-x86_64-fedora-clang 1.3.2 78.32 OK
r-devel-linux-x86_64-fedora-gcc 1.3.2 76.17 OK
r-devel-windows-x86_64 1.3.2 10.00 62.00 72.00 OK
r-patched-linux-x86_64 1.3.2 12.20 55.42 67.62 OK
r-release-linux-x86_64 1.3.2 7.34 55.77 63.11 OK
r-release-macos-arm64 1.3.2 27.00 OK
r-release-macos-x86_64 1.3.2 39.00 OK
r-release-windows-x86_64 1.3.2 10.00 64.00 74.00 OK
r-oldrel-macos-arm64 1.3.2 29.00 OK
r-oldrel-macos-x86_64 1.3.2 39.00 OK
r-oldrel-windows-x86_64 1.3.2 11.00 68.00 79.00 OK

Check Details

Version: 1.3.2
Check: package dependencies
Result: NOTE Package suggested but not available for checking: ‘alphahull’ Flavor: r-devel-linux-x86_64-debian-gcc