CRAN Package Check Results for Package alpha.correction.bh

Last updated on 2024-06-13 05:58:57 CEST.

Flavor Version Tinstall Tcheck Ttotal Status Flags
r-devel-linux-x86_64-debian-clang 0.0.1 1.53 30.01 31.54 OK
r-devel-linux-x86_64-debian-gcc 0.0.1 1.73 22.46 24.19 ERROR
r-devel-linux-x86_64-fedora-clang 0.0.1 41.31 OK
r-devel-linux-x86_64-fedora-gcc 0.0.1 51.62 OK
r-devel-windows-x86_64 0.0.1 3.00 68.00 71.00 OK
r-patched-linux-x86_64 0.0.1 2.03 28.19 30.22 OK
r-release-linux-x86_64 0.0.1 1.93 29.11 31.04 OK
r-release-macos-arm64 0.0.1 24.00 OK
r-release-macos-x86_64 0.0.1 34.00 OK
r-release-windows-x86_64 0.0.1 3.00 44.00 47.00 OK
r-oldrel-macos-arm64 0.0.1 25.00 OK
r-oldrel-macos-x86_64 0.0.1 46.00 OK
r-oldrel-windows-x86_64 0.0.1 4.00 44.00 48.00 OK

Check Details

Version: 0.0.1
Check: package dependencies
Result: NOTE Package suggested but not available for checking: ‘testthat’ Flavor: r-devel-linux-x86_64-debian-gcc

Version: 0.0.1
Check: tests
Result: ERROR Running ‘testthat.R’ [0s/1s] Running the tests in ‘tests/testthat.R’ failed. Complete output: > # This file is part of the standard setup for testthat. > # It is recommended that you do not modify it. > # > # Where should you do additional test configuration? > # Learn more about the roles of various files in: > # * https://r-pkgs.org/tests.html > # * https://testthat.r-lib.org/reference/test_package.html#special-files > > library(testthat) Error in library(testthat) : there is no package called 'testthat' Execution halted Flavor: r-devel-linux-x86_64-debian-gcc