CRAN Package Check Results for Package aihuman

Last updated on 2024-02-23 05:07:13 CET.

Flavor Version Tinstall Tcheck Ttotal Status Flags
r-devel-linux-x86_64-debian-clang 0.1.0 NOTE
r-devel-linux-x86_64-debian-gcc 0.1.0 66.69 118.80 185.49 NOTE
r-devel-linux-x86_64-fedora-clang 0.1.0 332.60 NOTE
r-devel-linux-x86_64-fedora-gcc 0.1.0 345.32 NOTE
r-devel-windows-x86_64 0.1.0 67.00 155.00 222.00 OK
r-patched-linux-x86_64 0.1.0 61.74 151.79 213.53 OK
r-release-linux-x86_64 0.1.0 71.83 152.88 224.71 OK
r-release-macos-arm64 0.1.0 99.00 NOTE
r-release-macos-x86_64 0.1.0 134.00 NOTE
r-release-windows-x86_64 0.1.0 86.00 190.00 276.00 OK
r-oldrel-macos-arm64 0.1.0 63.00 NOTE
r-oldrel-windows-x86_64 0.1.0 82.00 186.00 268.00 OK

Check Details

Version: 0.1.0
Check: Rd files
Result: NOTE checkRd: (-1) CalOptimalDecision.Rd:45: Lost braces; missing escapes or markup? 45 | A \code{data.frame} of (1) the probability that the optimal decision for each observation being d in {0,1,...,k}, (2) expected utility of binary version of judge's decision (g_d), (3) expected utility of binary DMF recommendation, and (4) the difference between (2) and (3). If \code{include.utility.diff.mcmc = TRUE}, returns a list of such \code{data.frame} and a \code{data.frame} that includes the result for mean and quantile of \code{Utility.diff.control.mcmc} and \code{Utility.diff.treated.mcmc} across mcmc samples. | ^ Flavors: r-devel-linux-x86_64-debian-clang, r-devel-linux-x86_64-debian-gcc, r-devel-linux-x86_64-fedora-clang, r-devel-linux-x86_64-fedora-gcc

Version: 0.1.0
Check: installed package size
Result: NOTE installed size is 5.3Mb sub-directories of 1Mb or more: libs 4.1Mb Flavors: r-release-macos-arm64, r-release-macos-x86_64, r-oldrel-macos-arm64