Last updated on 2023-12-06 04:55:43 CET.
Flavor | Version | Tinstall | Tcheck | Ttotal | Status | Flags |
---|---|---|---|---|---|---|
r-devel-linux-x86_64-debian-clang | 0.1.3 | 20.52 | 188.61 | 209.13 | NOTE | |
r-devel-linux-x86_64-debian-gcc | 0.1.3 | 15.19 | 141.62 | 156.81 | NOTE | |
r-devel-linux-x86_64-fedora-clang | 0.1.3 | 259.56 | OK | |||
r-devel-linux-x86_64-fedora-gcc | 0.1.3 | 257.84 | OK | |||
r-devel-windows-x86_64 | 0.1.3 | 18.00 | 149.00 | 167.00 | OK | |
r-patched-linux-x86_64 | 0.1.3 | 12.34 | 180.55 | 192.89 | OK | |
r-release-linux-x86_64 | 0.1.3 | 18.99 | 175.77 | 194.76 | OK | |
r-release-macos-arm64 | 0.1.3 | 83.00 | OK | |||
r-release-macos-x86_64 | 0.1.3 | 176.00 | OK | |||
r-release-windows-x86_64 | 0.1.3 | 23.00 | 189.00 | 212.00 | OK | |
r-oldrel-macos-arm64 | 0.1.3 | 80.00 | OK | |||
r-oldrel-macos-x86_64 | 0.1.3 | 104.00 | OK | |||
r-oldrel-windows-x86_64 | 0.1.3 | 23.00 | 186.00 | 209.00 | OK |
Version: 0.1.3
Check: Rd files
Result: NOTE
checkRd: (-1) h2o_train.Rd:108: Lost braces
108 | \item{mtries}{Number of variables randomly sampled as candidates at each split. If set to -1, defaults to sqrt{p} for
| ^
Flavors: r-devel-linux-x86_64-debian-clang, r-devel-linux-x86_64-debian-gcc