Last updated on 2023-09-30 06:08:33 CEST.
Flavor | Version | Tinstall | Tcheck | Ttotal | Status | Flags |
---|---|---|---|---|---|---|
r-devel-linux-x86_64-debian-clang | 1.1.0 | 13.46 | 112.69 | 126.15 | NOTE | |
r-devel-linux-x86_64-debian-gcc | 1.1.0 | 10.23 | 80.48 | 90.71 | NOTE | |
r-devel-linux-x86_64-fedora-clang | 1.1.0 | 158.96 | NOTE | |||
r-devel-linux-x86_64-fedora-gcc | 1.1.0 | 163.73 | NOTE | |||
r-devel-windows-x86_64 | 1.1.0 | 12.00 | 98.00 | 110.00 | NOTE | |
r-patched-linux-x86_64 | 1.1.0 | 11.82 | 106.22 | 118.04 | NOTE | |
r-release-linux-x86_64 | 1.1.0 | 9.31 | 105.05 | 114.36 | NOTE | |
r-release-macos-arm64 | 1.1.0 | 49.00 | NOTE | |||
r-release-macos-x86_64 | 1.1.0 | 76.00 | NOTE | |||
r-release-windows-x86_64 | 1.1.0 | 15.00 | 117.00 | 132.00 | NOTE | |
r-oldrel-macos-arm64 | 1.1.0 | 30.00 | NOTE | |||
r-oldrel-macos-x86_64 | 1.1.0 | 59.00 | NOTE | |||
r-oldrel-windows-x86_64 | 1.1.0 | 19.00 | 118.00 | 137.00 | NOTE |
Version: 1.1.0
Check: package dependencies
Result: NOTE
Package which this enhances but not available for checking: ‘asreml’
Flavors: r-devel-linux-x86_64-debian-clang, r-devel-linux-x86_64-debian-gcc, r-devel-linux-x86_64-fedora-clang, r-devel-linux-x86_64-fedora-gcc, r-devel-windows-x86_64, r-patched-linux-x86_64, r-release-linux-x86_64, r-release-macos-arm64, r-release-macos-x86_64, r-release-windows-x86_64, r-oldrel-macos-arm64, r-oldrel-macos-x86_64, r-oldrel-windows-x86_64