CRAN Package Check Results for Package agriutilities

Last updated on 2024-06-14 05:58:15 CEST.

Flavor Version Tinstall Tcheck Ttotal Status Flags
r-devel-linux-x86_64-debian-clang 1.2.0 11.77 119.56 131.33 NOTE
r-devel-linux-x86_64-debian-gcc 1.2.0 0.37 1.75 2.12 ERROR
r-devel-linux-x86_64-fedora-clang 1.2.0 165.89 NOTE
r-devel-linux-x86_64-fedora-gcc 1.2.0 170.36 NOTE
r-devel-windows-x86_64 1.2.0 12.00 99.00 111.00 NOTE
r-patched-linux-x86_64 1.2.0 11.05 113.31 124.36 NOTE
r-release-linux-x86_64 1.2.0 12.03 113.28 125.31 NOTE
r-release-macos-arm64 1.2.0 53.00 NOTE
r-release-macos-x86_64 1.2.0 73.00 NOTE
r-release-windows-x86_64 1.2.0 11.00 100.00 111.00 NOTE
r-oldrel-macos-arm64 1.2.0 43.00 NOTE
r-oldrel-macos-x86_64 1.2.0 67.00 NOTE
r-oldrel-windows-x86_64 1.2.0 14.00 123.00 137.00 NOTE

Check Details

Version: 1.2.0
Check: package dependencies
Result: NOTE Package which this enhances but not available for checking: ‘asreml’ Flavors: r-devel-linux-x86_64-debian-clang, r-devel-linux-x86_64-fedora-clang, r-devel-linux-x86_64-fedora-gcc, r-devel-windows-x86_64, r-patched-linux-x86_64, r-release-linux-x86_64, r-release-macos-arm64, r-release-macos-x86_64, r-release-windows-x86_64, r-oldrel-macos-arm64, r-oldrel-macos-x86_64, r-oldrel-windows-x86_64

Version: 1.2.0
Check: package dependencies
Result: ERROR Packages required but not available: 'ggplot2', 'dplyr', 'tidyr', 'lme4', 'ggpubr', 'lmerTest', 'ggrepel', 'tibble', 'statgenSTA' Package which this enhances but not available for checking: ‘asreml’ See section ‘The DESCRIPTION file’ in the ‘Writing R Extensions’ manual. Flavor: r-devel-linux-x86_64-debian-gcc