CRAN Package Check Results for Package afttest

Last updated on 2023-11-30 04:52:43 CET.

Flavor Version Tinstall Tcheck Ttotal Status Flags
r-devel-linux-x86_64-debian-clang 4.3.1.1 140.27 112.94 253.21 OK
r-devel-linux-x86_64-debian-gcc 4.3.1.1 56.67 83.53 140.20 OK
r-devel-linux-x86_64-fedora-clang 4.3.1.1 261.96 OK
r-devel-linux-x86_64-fedora-gcc 4.3.1.1 244.76 OK
r-devel-windows-x86_64 4.3.1.1 54.00 131.00 185.00 OK
r-patched-linux-x86_64 4.3.1.1 63.09 105.52 168.61 OK
r-release-linux-x86_64 4.3.1.1 52.62 105.68 158.30 OK
r-release-macos-arm64 4.3.1.1 67.00 NOTE
r-release-macos-x86_64 4.3.1.1 171.00 NOTE
r-release-windows-x86_64 4.3.1.1 77.00 150.00 227.00 OK
r-oldrel-macos-arm64 4.3.1.1 68.00 NOTE
r-oldrel-macos-x86_64 4.3.1.1 103.00 NOTE
r-oldrel-windows-x86_64 4.3.1.1 67.00 140.00 207.00 OK

Check Details

Version: 4.3.1.1
Check: installed package size
Result: NOTE installed size is 7.9Mb sub-directories of 1Mb or more: libs 7.7Mb Flavors: r-release-macos-arm64, r-release-macos-x86_64, r-oldrel-macos-arm64, r-oldrel-macos-x86_64