CRAN Package Check Results for Package aftgee

Last updated on 2024-06-14 05:58:15 CEST.

Flavor Version Tinstall Tcheck Ttotal Status Flags
r-devel-linux-x86_64-debian-clang 1.2.0 123.63 115.19 238.82 OK
r-devel-linux-x86_64-debian-gcc 1.2.0 0.31 1.72 2.03 ERROR
r-devel-linux-x86_64-fedora-clang 1.2.0 319.89 OK
r-devel-linux-x86_64-fedora-gcc 1.2.0 308.74 OK
r-devel-windows-x86_64 1.2.0 86.00 107.00 193.00 OK
r-patched-linux-x86_64 1.2.0 73.09 106.06 179.15 OK
r-release-linux-x86_64 1.2.0 70.88 106.91 177.79 OK
r-release-macos-arm64 1.2.0 66.00 NOTE
r-release-macos-x86_64 1.2.0 89.00 NOTE
r-release-windows-x86_64 1.2.0 84.00 112.00 196.00 OK
r-oldrel-macos-arm64 1.2.0 68.00 NOTE
r-oldrel-macos-x86_64 1.2.0 115.00 NOTE
r-oldrel-windows-x86_64 1.2.0 107.00 135.00 242.00 OK

Check Details

Version: 1.2.0
Check: package dependencies
Result: ERROR Package required but not available: ‘geepack’ See section ‘The DESCRIPTION file’ in the ‘Writing R Extensions’ manual. Flavor: r-devel-linux-x86_64-debian-gcc

Version: 1.2.0
Check: installed package size
Result: NOTE installed size is 5.7Mb sub-directories of 1Mb or more: libs 5.3Mb Flavors: r-release-macos-arm64, r-release-macos-x86_64, r-oldrel-macos-arm64, r-oldrel-macos-x86_64