CRAN Package Check Results for Package adsDataHubR

Last updated on 2023-12-10 04:55:50 CET.

Flavor Version Tinstall Tcheck Ttotal Status Flags
r-devel-linux-x86_64-debian-clang 0.1.1 3.54 30.58 34.12 NOTE
r-devel-linux-x86_64-debian-gcc 0.1.1 2.55 23.98 26.53 NOTE
r-devel-linux-x86_64-fedora-clang 0.1.1 43.12 NOTE
r-devel-linux-x86_64-fedora-gcc 0.1.1 40.87 NOTE
r-devel-windows-x86_64 0.1.1 4.00 45.00 49.00 NOTE
r-patched-linux-x86_64 0.1.1 2.96 30.37 33.33 NOTE
r-release-linux-x86_64 0.1.1 3.48 30.11 33.59 NOTE
r-release-macos-arm64 0.1.1 18.00 NOTE
r-release-macos-x86_64 0.1.1 25.00 NOTE
r-release-windows-x86_64 0.1.1 5.00 47.00 52.00 NOTE
r-oldrel-macos-arm64 0.1.1 18.00 NOTE
r-oldrel-macos-x86_64 0.1.1 25.00 NOTE
r-oldrel-windows-x86_64 0.1.1 5.00 48.00 53.00 NOTE

Check Details

Version: 0.1.1
Check: LazyData
Result: NOTE 'LazyData' is specified without a 'data' directory Flavors: r-devel-linux-x86_64-debian-clang, r-devel-linux-x86_64-debian-gcc, r-devel-linux-x86_64-fedora-clang, r-devel-linux-x86_64-fedora-gcc, r-devel-windows-x86_64, r-patched-linux-x86_64, r-release-linux-x86_64, r-release-macos-arm64, r-release-macos-x86_64, r-release-windows-x86_64, r-oldrel-macos-arm64, r-oldrel-macos-x86_64, r-oldrel-windows-x86_64