Last updated on 2023-11-29 04:57:14 CET.
Flavor | Version | Tinstall | Tcheck | Ttotal | Status | Flags |
---|---|---|---|---|---|---|
r-devel-linux-x86_64-debian-clang | 1.0 | 70.18 | 82.38 | 152.56 | OK | |
r-devel-linux-x86_64-debian-gcc | 1.0 | 50.63 | 63.53 | 114.16 | OK | |
r-devel-linux-x86_64-fedora-clang | 1.0 | 206.21 | OK | |||
r-devel-linux-x86_64-fedora-gcc | 1.0 | 202.58 | OK | |||
r-devel-windows-x86_64 | 1.0 | 52.00 | 94.00 | 146.00 | OK | |
r-patched-linux-x86_64 | 1.0 | 53.52 | 81.50 | 135.02 | OK | |
r-release-linux-x86_64 | 1.0 | 55.88 | 79.77 | 135.65 | OK | |
r-release-macos-arm64 | 1.0 | 60.00 | NOTE | |||
r-release-macos-x86_64 | 1.0 | 99.00 | NOTE | |||
r-release-windows-x86_64 | 1.0 | 68.00 | 109.00 | 177.00 | OK | |
r-oldrel-macos-arm64 | 1.0 | 56.00 | NOTE | |||
r-oldrel-macos-x86_64 | 1.0 | 68.00 | NOTE | |||
r-oldrel-windows-x86_64 | 1.0 | 62.00 | 110.00 | 172.00 | OK |
Version: 1.0
Check: installed package size
Result: NOTE
installed size is 6.4Mb
sub-directories of 1Mb or more:
libs 6.2Mb
Flavors: r-release-macos-arm64, r-release-macos-x86_64, r-oldrel-macos-arm64, r-oldrel-macos-x86_64