CRAN Package Check Results for Package adbcsqlite

Last updated on 2024-02-26 04:49:20 CET.

Flavor Version Tinstall Tcheck Ttotal Status Flags
r-devel-linux-x86_64-debian-clang 0.9.0 7.71 22.98 30.69 OK
r-devel-linux-x86_64-debian-gcc 0.10.0 9.93 17.91 27.84 OK
r-devel-linux-x86_64-fedora-clang 0.10.0 42.63 OK
r-devel-linux-x86_64-fedora-gcc 0.10.0 47.19 OK
r-devel-windows-x86_64 0.9.0 24.00 56.00 80.00 OK
r-patched-linux-x86_64 0.9.0 14.76 23.05 37.81 OK
r-release-linux-x86_64 0.10.0 12.59 22.84 35.43 OK
r-release-macos-arm64 0.10.0 25.00 NOTE
r-release-macos-x86_64 0.10.0 36.00 NOTE
r-release-windows-x86_64 0.10.0 26.00 58.00 84.00 OK
r-oldrel-macos-arm64 0.10.0 22.00 NOTE
r-oldrel-windows-x86_64 0.10.0 17.00 55.00 72.00 OK

Check Details

Version: 0.10.0
Check: installed package size
Result: NOTE installed size is 8.5Mb sub-directories of 1Mb or more: libs 8.4Mb Flavors: r-release-macos-arm64, r-release-macos-x86_64, r-oldrel-macos-arm64