Last updated on 2023-12-11 04:50:54 CET.
Flavor | Version | Tinstall | Tcheck | Ttotal | Status | Flags |
---|---|---|---|---|---|---|
r-devel-linux-x86_64-debian-clang | 1.3.0 | 17.15 | 188.87 | 206.02 | OK | |
r-devel-linux-x86_64-debian-gcc | 1.3.0 | 18.19 | 137.56 | 155.75 | OK | |
r-devel-linux-x86_64-fedora-clang | 1.3.0 | 261.85 | NOTE | |||
r-devel-linux-x86_64-fedora-gcc | 1.3.0 | 263.35 | NOTE | |||
r-devel-windows-x86_64 | 1.3.0 | 20.00 | 171.00 | 191.00 | OK | |
r-patched-linux-x86_64 | 1.3.0 | 16.70 | 179.22 | 195.92 | OK | |
r-release-linux-x86_64 | 1.3.0 | 14.86 | 181.21 | 196.07 | OK | |
r-release-macos-arm64 | 1.3.0 | 90.00 | OK | |||
r-release-macos-x86_64 | 1.3.0 | 157.00 | OK | |||
r-release-windows-x86_64 | 1.3.0 | 28.00 | 209.00 | 237.00 | OK | |
r-oldrel-macos-arm64 | 1.3.0 | 83.00 | OK | |||
r-oldrel-macos-x86_64 | 1.3.0 | 112.00 | OK | |||
r-oldrel-windows-x86_64 | 1.3.0 | 31.00 | 194.00 | 225.00 | OK |
Version: 1.3.0
Check: dependencies in R code
Result: NOTE
Namespace in Imports field not imported from: ‘svglite’
All declared Imports should be used.
Flavors: r-devel-linux-x86_64-fedora-clang, r-devel-linux-x86_64-fedora-gcc