CRAN Package Check Results for Package accessrmd

Last updated on 2023-12-04 05:08:57 CET.

Flavor Version Tinstall Tcheck Ttotal Status Flags
r-devel-linux-x86_64-debian-clang 1.0.0 7.25 69.66 76.91 OK
r-devel-linux-x86_64-debian-gcc 1.0.0 5.20 51.70 56.90 OK
r-devel-linux-x86_64-fedora-clang 1.0.0 96.33 OK
r-devel-linux-x86_64-fedora-gcc 1.0.0 90.72 OK
r-devel-windows-x86_64 1.0.0 7.00 77.00 84.00 OK
r-patched-linux-x86_64 1.0.0 6.10 65.26 71.36 OK
r-release-linux-x86_64 1.0.0 6.12 65.95 72.07 OK
r-release-macos-arm64 1.0.0 40.00 OK
r-release-macos-x86_64 1.0.0 53.00 OK
r-release-windows-x86_64 1.0.0 9.00 85.00 94.00 OK
r-oldrel-macos-arm64 1.0.0 38.00 OK
r-oldrel-macos-x86_64 1.0.0 53.00 NOTE
r-oldrel-windows-x86_64 1.0.0 11.00 91.00 102.00 OK

Check Details

Version: 1.0.0
Check: package dependencies
Result: NOTE Package suggested but not available for checking: ‘testthat’ Flavor: r-oldrel-macos-x86_64