CRAN Package Check Results for Package acc

Last updated on 2024-02-27 04:50:30 CET.

Flavor Version Tinstall Tcheck Ttotal Status Flags
r-devel-linux-x86_64-debian-clang 1.3.3 77.38 87.81 165.19 OK
r-devel-linux-x86_64-debian-gcc 1.3.3 58.43 65.16 123.59 OK
r-devel-linux-x86_64-fedora-clang 1.3.3 228.77 NOTE
r-devel-linux-x86_64-fedora-gcc 1.3.3 223.06 NOTE
r-devel-windows-x86_64 1.3.3 59.00 100.00 159.00 OK
r-patched-linux-x86_64 1.3.3 70.85 84.74 155.59 OK
r-release-linux-x86_64 1.3.3 73.70 84.46 158.16 OK
r-release-macos-arm64 1.3.3 59.00 OK
r-release-macos-x86_64 1.3.3 92.00 OK
r-release-windows-x86_64 1.3.3 76.00 120.00 196.00 OK
r-oldrel-macos-arm64 1.3.3 59.00 OK
r-oldrel-windows-x86_64 1.3.3 75.00 119.00 194.00 OK

Check Details

Version: 1.3.3
Check: compiled code
Result: NOTE File ‘acc/libs/acc.so’: Found no calls to: ‘R_registerRoutines’, ‘R_useDynamicSymbols’ It is good practice to register native routines and to disable symbol search. See ‘Writing portable packages’ in the ‘Writing R Extensions’ manual. Flavors: r-devel-linux-x86_64-fedora-clang, r-devel-linux-x86_64-fedora-gcc