Last updated on 2023-12-08 05:01:57 CET.
Flavor | Version | Tinstall | Tcheck | Ttotal | Status | Flags |
---|---|---|---|---|---|---|
r-devel-linux-x86_64-debian-clang | 0.4.8 | 245.05 | 105.92 | 350.97 | NOTE | |
r-devel-linux-x86_64-debian-gcc | 0.4.8 | 187.89 | 87.88 | 275.77 | NOTE | |
r-devel-linux-x86_64-fedora-clang | 0.4.8 | 420.79 | OK | |||
r-devel-linux-x86_64-fedora-gcc | 0.4.8 | 524.97 | OK | |||
r-devel-windows-x86_64 | 0.4.8 | 168.00 | 132.00 | 300.00 | OK | |
r-patched-linux-x86_64 | 0.4.8 | 222.44 | 114.73 | 337.17 | OK | |
r-release-linux-x86_64 | 0.4.8 | 214.02 | 110.77 | 324.79 | OK | |
r-release-macos-arm64 | 0.4.8 | 124.00 | NOTE | |||
r-release-macos-x86_64 | 0.4.8 | 373.00 | NOTE | |||
r-release-windows-x86_64 | 0.4.8 | 209.00 | 159.00 | 368.00 | OK | |
r-oldrel-macos-arm64 | 0.4.8 | 116.00 | NOTE | |||
r-oldrel-macos-x86_64 | 0.4.8 | 177.00 | NOTE | |||
r-oldrel-windows-x86_64 | 0.4.8 | 187.00 | 138.00 | 325.00 | OK |
Version: 0.4.8
Check: Rd files
Result: NOTE
checkRd: (-1) abess.Rd:260: Lost braces in \itemize; meant \describe ?
checkRd: (-1) abess.Rd:261: Lost braces in \itemize; meant \describe ?
checkRd: (-1) abess.Rd:262: Lost braces in \itemize; meant \describe ?
checkRd: (-1) abess.Rd:263: Lost braces in \itemize; meant \describe ?
checkRd: (-1) coef.abesspca.Rd:16: Lost braces; missing escapes or markup?
16 | This parameter is omitted if {sparse.type = "kpc"}.}
| ^
checkRd: (-1) coef.abesspca.Rd:22: Lost braces; missing escapes or markup?
22 | This parameter is omitted if {sparse.type = "fpc"}.}
| ^
checkRd: (-1) generate.data.Rd:51: Lost braces
51 | code{cortype = 3} denotes the constant structure,
| ^
Flavors: r-devel-linux-x86_64-debian-clang, r-devel-linux-x86_64-debian-gcc
Version: 0.4.8
Check: installed package size
Result: NOTE
installed size is 88.8Mb
sub-directories of 1Mb or more:
libs 87.8Mb
Flavors: r-release-macos-arm64, r-release-macos-x86_64, r-oldrel-macos-arm64, r-oldrel-macos-x86_64