CRAN Package Check Results for Package abclass

Last updated on 2024-03-03 04:48:29 CET.

Flavor Version Tinstall Tcheck Ttotal Status Flags
r-devel-linux-x86_64-debian-clang 0.4.0 577.75 43.19 620.94 NOTE
r-devel-linux-x86_64-debian-gcc 0.4.0 478.08 32.86 510.94 NOTE
r-devel-linux-x86_64-fedora-clang 0.4.0 859.14 NOTE
r-devel-linux-x86_64-fedora-gcc 0.4.0 1039.72 NOTE
r-devel-windows-x86_64 0.4.0 411.00 85.00 496.00 NOTE
r-patched-linux-x86_64 0.4.0 574.76 41.56 616.32 NOTE
r-release-linux-x86_64 0.4.0 580.12 41.78 621.90 NOTE
r-release-macos-arm64 0.4.0 226.00 NOTE
r-release-macos-x86_64 0.4.0 408.00 NOTE
r-release-windows-x86_64 0.4.0 423.00 102.00 525.00 NOTE
r-oldrel-macos-arm64 0.4.0 243.00 NOTE
r-oldrel-windows-x86_64 0.4.0 494.00 97.00 591.00 OK

Check Details

Version: 0.4.0
Check: C++ specification
Result: NOTE Specified C++11: please drop specification unless essential Flavors: r-devel-linux-x86_64-debian-clang, r-devel-linux-x86_64-debian-gcc, r-devel-linux-x86_64-fedora-clang, r-devel-linux-x86_64-fedora-gcc, r-devel-windows-x86_64, r-patched-linux-x86_64, r-release-linux-x86_64, r-release-macos-arm64, r-release-macos-x86_64, r-release-windows-x86_64

Version: 0.4.0
Check: Rd files
Result: NOTE checkRd: (-1) abclass.Rd:133: Lost braces; missing escapes or markup? 133 | \code{abclass.control()} returns an object of class {abclass.control} | ^ checkRd: (-1) supclass.Rd:109: Lost braces; missing escapes or markup? 109 | to solve the equivalent linear programming problem via the package {Rglpk}. | ^ checkRd: (-1) supclass.Rd:110: Lost braces; missing escapes or markup? 110 | It is recommended to use a recent version of {GLPK}. | ^ Flavors: r-devel-linux-x86_64-debian-clang, r-devel-linux-x86_64-debian-gcc, r-devel-linux-x86_64-fedora-clang, r-devel-linux-x86_64-fedora-gcc

Version: 0.4.0
Check: installed package size
Result: NOTE installed size is 31.1Mb sub-directories of 1Mb or more: libs 30.7Mb Flavors: r-release-macos-arm64, r-release-macos-x86_64, r-oldrel-macos-arm64