CRAN Package Check Results for Package XBRL

Last updated on 2024-02-23 05:07:36 CET.

Flavor Version Tinstall Tcheck Ttotal Status Flags
r-devel-linux-x86_64-debian-clang 0.99.19.1 NOTE
r-devel-linux-x86_64-debian-gcc 0.99.19.1 90.75 23.80 114.55 NOTE
r-devel-linux-x86_64-fedora-clang 0.99.19.1 248.08 NOTE
r-devel-linux-x86_64-fedora-gcc 0.99.19.1 230.66 NOTE
r-devel-windows-x86_64 0.99.19.1 89.00 84.00 173.00 OK
r-patched-linux-x86_64 0.99.19.1 120.07 30.49 150.56 OK
r-release-linux-x86_64 0.99.19.1 114.20 30.62 144.82 OK
r-release-macos-arm64 0.99.19.1 45.00 OK
r-release-macos-x86_64 0.99.19.1 80.00 OK
r-release-windows-x86_64 0.99.19.1 88.00 84.00 172.00 OK
r-oldrel-macos-arm64 0.99.19.1 45.00 OK
r-oldrel-windows-x86_64 0.99.19.1 110.00 80.00 190.00 OK

Check Details

Version: 0.99.19.1
Check: Rd files
Result: NOTE checkRd: (-1) xbrlSECdev01.Rd:20: Lost braces in \itemize; meant \describe ? Flavors: r-devel-linux-x86_64-debian-clang, r-devel-linux-x86_64-debian-gcc, r-devel-linux-x86_64-fedora-clang, r-devel-linux-x86_64-fedora-gcc