CRAN Package Check Results for Package WikipediR

Last updated on 2023-12-04 05:09:26 CET.

Flavor Version Tinstall Tcheck Ttotal Status Flags
r-devel-linux-x86_64-debian-clang 1.5.0 1.67 32.96 34.63 NOTE
r-devel-linux-x86_64-debian-gcc 1.5.0 1.72 25.84 27.56 NOTE
r-devel-linux-x86_64-fedora-clang 1.5.0 46.12 NOTE
r-devel-linux-x86_64-fedora-gcc 1.5.0 58.45 NOTE
r-devel-windows-x86_64 1.5.0 3.00 65.00 68.00 OK
r-patched-linux-x86_64 1.5.0 2.92 32.48 35.40 NOTE
r-release-linux-x86_64 1.5.0 1.68 32.20 33.88 NOTE
r-release-macos-arm64 1.5.0 42.00 OK
r-release-macos-x86_64 1.5.0 53.00 OK
r-release-windows-x86_64 1.5.0 4.00 67.00 71.00 OK
r-oldrel-macos-arm64 1.5.0 43.00 OK
r-oldrel-macos-x86_64 1.5.0 48.00 OK
r-oldrel-windows-x86_64 1.5.0 5.00 67.00 72.00 OK

Check Details

Version: 1.5.0
Check: package dependencies
Result: NOTE Package suggested but not available for checking: ‘pageviews’ Flavors: r-devel-linux-x86_64-debian-clang, r-devel-linux-x86_64-debian-gcc, r-devel-linux-x86_64-fedora-clang, r-devel-linux-x86_64-fedora-gcc, r-patched-linux-x86_64, r-release-linux-x86_64