CRAN Package Check Results for Package WhiteStripe

Last updated on 2024-02-26 04:49:44 CET.

Flavor Version Tinstall Tcheck Ttotal Status Flags
r-devel-linux-x86_64-debian-clang 2.4.2 14.59 151.21 165.80 NOTE
r-devel-linux-x86_64-debian-gcc 2.4.2 11.89 120.06 131.95 NOTE
r-devel-linux-x86_64-fedora-clang 2.4.2 208.19 NOTE
r-devel-linux-x86_64-fedora-gcc 2.4.2 231.19 NOTE
r-devel-windows-x86_64 2.4.2 14.00 138.00 152.00 OK
r-patched-linux-x86_64 2.4.2 15.37 154.57 169.94 OK
r-release-linux-x86_64 2.4.2 12.38 158.01 170.39 OK
r-release-macos-arm64 2.4.2 94.00 OK
r-release-macos-x86_64 2.4.2 142.00 OK
r-release-windows-x86_64 2.4.2 17.00 165.00 182.00 OK
r-oldrel-macos-arm64 2.4.2 98.00 OK
r-oldrel-windows-x86_64 2.4.2 17.00 168.00 185.00 OK

Check Details

Version: 2.4.2
Check: Rd files
Result: NOTE checkRd: (-1) get.deriv.smooth.hist.Rd:5: Lost braces; missing escapes or markup? 5 | \title{Gets $n^{th}$ derivative of smoothed histogram} | ^ Flavors: r-devel-linux-x86_64-debian-clang, r-devel-linux-x86_64-debian-gcc, r-devel-linux-x86_64-fedora-clang, r-devel-linux-x86_64-fedora-gcc