Last updated on 2023-12-06 04:56:10 CET.
Flavor | Version | Tinstall | Tcheck | Ttotal | Status | Flags |
---|---|---|---|---|---|---|
r-devel-linux-x86_64-debian-clang | 0.1.1 | 13.55 | 123.97 | 137.52 | NOTE | |
r-devel-linux-x86_64-debian-gcc | 0.1.1 | 11.00 | 92.28 | 103.28 | NOTE | |
r-devel-linux-x86_64-fedora-clang | 0.1.1 | 170.57 | NOTE | |||
r-devel-linux-x86_64-fedora-gcc | 0.1.1 | 174.12 | NOTE | |||
r-devel-windows-x86_64 | 0.1.1 | 14.00 | 100.00 | 114.00 | NOTE | |
r-patched-linux-x86_64 | 0.1.1 | 10.01 | 115.68 | 125.69 | NOTE | |
r-release-linux-x86_64 | 0.1.1 | 10.17 | 115.79 | 125.96 | NOTE | |
r-release-macos-arm64 | 0.1.1 | 51.00 | NOTE | |||
r-release-macos-x86_64 | 0.1.1 | 84.00 | NOTE | |||
r-release-windows-x86_64 | 0.1.1 | 17.00 | 119.00 | 136.00 | NOTE | |
r-oldrel-macos-arm64 | 0.1.1 | 45.00 | NOTE | |||
r-oldrel-macos-x86_64 | 0.1.1 | 86.00 | NOTE | |||
r-oldrel-windows-x86_64 | 0.1.1 | 18.00 | 163.00 | 181.00 | NOTE |
Version: 0.1.1
Check: LazyData
Result: NOTE
'LazyData' is specified without a 'data' directory
Flavors: r-devel-linux-x86_64-debian-clang, r-devel-linux-x86_64-debian-gcc, r-devel-linux-x86_64-fedora-clang, r-devel-linux-x86_64-fedora-gcc, r-devel-windows-x86_64, r-patched-linux-x86_64, r-release-linux-x86_64, r-release-macos-arm64, r-release-macos-x86_64, r-release-windows-x86_64, r-oldrel-macos-arm64, r-oldrel-macos-x86_64, r-oldrel-windows-x86_64