CRAN Package Check Results for Package VisCollin

Last updated on 2024-03-03 04:48:52 CET.

Flavor Version Tinstall Tcheck Ttotal Status Flags
r-devel-linux-x86_64-debian-clang 0.1.2 2.23 28.42 30.65 OK
r-devel-linux-x86_64-debian-gcc 0.1.2 1.98 21.60 23.58 OK
r-devel-linux-x86_64-fedora-clang 0.1.2 37.91 NOTE
r-devel-linux-x86_64-fedora-gcc 0.1.2 36.09 OK
r-devel-windows-x86_64 0.1.2 4.00 46.00 50.00 OK
r-patched-linux-x86_64 0.1.2 2.81 28.38 31.19 OK
r-release-linux-x86_64 0.1.2 2.37 27.57 29.94 OK
r-release-macos-arm64 0.1.2 19.00 OK
r-release-macos-x86_64 0.1.2 27.00 OK
r-release-windows-x86_64 0.1.2 3.00 48.00 51.00 OK
r-oldrel-macos-arm64 0.1.2 22.00 OK
r-oldrel-windows-x86_64 0.1.2 4.00 48.00 52.00 OK

Check Details

Version: 0.1.2
Check: Rd cross-references
Result: NOTE Undeclared package ‘rms’ in Rd xrefs Flavor: r-devel-linux-x86_64-fedora-clang