Last updated on 2023-12-07 04:56:41 CET.
Flavor | Version | Tinstall | Tcheck | Ttotal | Status | Flags |
---|---|---|---|---|---|---|
r-devel-linux-x86_64-debian-clang | 0.2.3 | 8.38 | 89.18 | 97.56 | NOTE | |
r-devel-linux-x86_64-debian-gcc | 0.2.3 | 6.61 | 66.38 | 72.99 | NOTE | |
r-devel-linux-x86_64-fedora-clang | 0.2.3 | 122.74 | NOTE | |||
r-devel-linux-x86_64-fedora-gcc | 0.2.3 | 125.59 | NOTE | |||
r-devel-windows-x86_64 | 0.2.3 | 8.00 | 116.00 | 124.00 | OK | |
r-patched-linux-x86_64 | 0.2.3 | 6.33 | 86.14 | 92.47 | OK | |
r-release-linux-x86_64 | 0.2.3 | 6.51 | 85.68 | 92.19 | OK | |
r-release-macos-arm64 | 0.2.3 | 47.00 | OK | |||
r-release-macos-x86_64 | 0.2.3 | 81.00 | OK | |||
r-release-windows-x86_64 | 0.2.3 | 10.00 | 127.00 | 137.00 | OK | |
r-oldrel-macos-arm64 | 0.2.3 | 44.00 | OK | |||
r-oldrel-macos-x86_64 | 0.2.3 | 60.00 | OK | |||
r-oldrel-windows-x86_64 | 0.2.3 | 11.00 | 127.00 | 138.00 | OK |
Version: 0.2.3
Check: Rd files
Result: NOTE
checkRd: (-1) show_query.Rd:27: Lost braces in \itemize; meant \describe ?
checkRd: (-1) show_query.Rd:28: Lost braces in \itemize; meant \describe ?
checkRd: (-1) show_query.Rd:29: Lost braces in \itemize; meant \describe ?
Flavors: r-devel-linux-x86_64-debian-clang, r-devel-linux-x86_64-debian-gcc
Version: 0.2.3
Check: dependencies in R code
Result: NOTE
Namespaces in Imports field not imported from:
‘kableExtra’ ‘knitr’ ‘leaflet’ ‘mapview’
All declared Imports should be used.
Flavors: r-devel-linux-x86_64-fedora-clang, r-devel-linux-x86_64-fedora-gcc