Last updated on 2023-12-02 04:52:33 CET.
Flavor | Version | Tinstall | Tcheck | Ttotal | Status | Flags |
---|---|---|---|---|---|---|
r-devel-linux-x86_64-debian-clang | 6.2.2 | 40.31 | 218.71 | 259.02 | OK | |
r-devel-linux-x86_64-debian-gcc | 6.2.2 | 32.20 | 163.34 | 195.54 | OK | |
r-devel-linux-x86_64-fedora-clang | 6.2.2 | 348.45 | NOTE | |||
r-devel-linux-x86_64-fedora-gcc | 6.2.2 | 349.91 | NOTE | |||
r-devel-windows-x86_64 | 6.2.2 | 33.00 | 200.00 | 233.00 | NOTE | |
r-patched-linux-x86_64 | 6.2.2 | 45.97 | 206.21 | 252.18 | OK | |
r-release-linux-x86_64 | 6.2.2 | 30.95 | 203.00 | 233.95 | OK | |
r-release-macos-arm64 | 6.2.2 | 99.00 | NOTE | |||
r-release-macos-x86_64 | 6.2.2 | 172.00 | NOTE | |||
r-release-windows-x86_64 | 6.2.2 | 45.00 | 250.00 | 295.00 | NOTE | |
r-oldrel-macos-arm64 | 6.2.2 | 80.00 | NOTE | |||
r-oldrel-macos-x86_64 | 6.2.2 | 107.00 | NOTE | |||
r-oldrel-windows-x86_64 | 6.2.2 | 45.00 | 233.00 | 278.00 | NOTE |
Version: 6.2.2
Check: dependencies in R code
Result: NOTE
Namespace in Imports field not imported from: ‘magrittr’
All declared Imports should be used.
Flavors: r-devel-linux-x86_64-fedora-clang, r-devel-linux-x86_64-fedora-gcc, r-oldrel-macos-arm64, r-oldrel-macos-x86_64
Version: 6.2.2
Check: Rd cross-references
Result: NOTE
Undeclared package ‘mi’ in Rd xrefs
Flavor: r-devel-linux-x86_64-fedora-clang
Version: 6.2.2
Check: data for non-ASCII characters
Result: NOTE
Note: found 2754 marked UTF-8 strings
Flavors: r-devel-linux-x86_64-fedora-clang, r-devel-linux-x86_64-fedora-gcc, r-oldrel-macos-arm64, r-oldrel-macos-x86_64
Version: 6.2.2
Check: installed package size
Result: NOTE
installed size is 5.2Mb
sub-directories of 1Mb or more:
doc 2.7Mb
libs 1.1Mb
Flavors: r-devel-windows-x86_64, r-release-macos-arm64, r-release-macos-x86_64, r-release-windows-x86_64, r-oldrel-macos-arm64, r-oldrel-macos-x86_64, r-oldrel-windows-x86_64