Last updated on 2023-11-29 04:57:40 CET.
Flavor | Version | Tinstall | Tcheck | Ttotal | Status | Flags |
---|---|---|---|---|---|---|
r-devel-linux-x86_64-debian-clang | 1.2 | 10.42 | 97.22 | 107.64 | NOTE | |
r-devel-linux-x86_64-debian-gcc | 1.2 | 7.74 | 73.44 | 81.18 | NOTE | |
r-devel-linux-x86_64-fedora-clang | 1.2 | 131.81 | OK | |||
r-devel-linux-x86_64-fedora-gcc | 1.2 | 128.75 | OK | |||
r-devel-windows-x86_64 | 1.2 | 10.00 | 92.00 | 102.00 | OK | |
r-patched-linux-x86_64 | 1.2 | 9.89 | 91.51 | 101.40 | OK | |
r-release-linux-x86_64 | 1.2 | 10.36 | 92.16 | 102.52 | OK | |
r-release-macos-arm64 | 1.2 | 45.00 | OK | |||
r-release-macos-x86_64 | 1.2 | 71.00 | OK | |||
r-release-windows-x86_64 | 1.2 | 12.00 | 101.00 | 113.00 | OK | |
r-oldrel-macos-arm64 | 1.2 | 42.00 | OK | |||
r-oldrel-macos-x86_64 | 1.2 | 62.00 | OK | |||
r-oldrel-windows-x86_64 | 1.2 | 14.00 | 106.00 | 120.00 | OK |
Version: 1.2
Check: Rd files
Result: NOTE
checkRd: (-1) veWaning.Rd:60: Lost braces; missing escapes or markup?
60 | of {'lin', 'piece', 'splin', 'spcub'} for the linear,
| ^
Flavors: r-devel-linux-x86_64-debian-clang, r-devel-linux-x86_64-debian-gcc